Last updated on 2025-10-21 09:48:47 CEST.
Flavor | Version | Tinstall | Tcheck | Ttotal | Status | Flags |
---|---|---|---|---|---|---|
r-devel-linux-x86_64-debian-clang | 1.1.1 | 1.88 | 20.70 | 22.58 | OK | |
r-devel-linux-x86_64-debian-gcc | 1.1.1 | 1.56 | 17.00 | 18.56 | NOTE | |
r-devel-linux-x86_64-fedora-clang | 1.1.1 | 33.74 | OK | |||
r-devel-linux-x86_64-fedora-gcc | 1.1.1 | 33.00 | OK | |||
r-devel-windows-x86_64 | 1.1.1 | 4.00 | 41.00 | 45.00 | OK | |
r-patched-linux-x86_64 | 1.1.1 | 2.11 | 19.58 | 21.69 | OK | |
r-release-linux-x86_64 | 1.1.1 | 1.73 | 19.59 | 21.32 | OK | |
r-release-macos-arm64 | 1.1.1 | 18.00 | OK | |||
r-release-macos-x86_64 | 1.1.1 | 25.00 | OK | |||
r-release-windows-x86_64 | 1.1.1 | 3.00 | 42.00 | 45.00 | OK | |
r-oldrel-macos-arm64 | 1.1.1 | 17.00 | OK | |||
r-oldrel-macos-x86_64 | 1.1.1 | 35.00 | OK | |||
r-oldrel-windows-x86_64 | 1.1.1 | 4.00 | 46.00 | 50.00 | OK |
Version: 1.1.1
Check: HTML version of manual
Result: NOTE
Found the following HTML validation problems:
fCreateCashflowMatrix.html:50:1 (fCreateCashflowMatrix.Rd:11): Warning: missing </ul> before </div>
fCreateKernelMatrix.html:52:1 (fCreateKernelMatrix.Rd:11): Warning: missing </ul> before </div>
fCreateTimeVector.html:49:1 (fCreateTimeVector.Rd:9): Warning: missing </ul> before </div>
fFitKernelWeights.html:63:1 (fFitKernelWeights.Rd:19): Warning: missing </ul> before </div>
fGetCashflowsBond.html:46:1 (fGetCashflowsBond.Rd:10): Warning: missing </ul> before </div>
fGetCashflowsLibor.html:49:1 (fGetCashflowsLibor.Rd:11): Warning: missing </ul> before </div>
fGetCashflowsSwap.html:49:1 (fGetCashflowsSwap.Rd:11): Warning: missing </ul> before </div>
fGetTimesBond.html:46:1 (fGetTimesBond.Rd:10): Warning: missing </ul> before </div>
fGetTimesLibor.html:47:1 (fGetTimesLibor.Rd:9): Warning: missing </ul> before </div>
fGetTimesSwap.html:47:1 (fGetTimesSwap.Rd:9): Warning: missing </ul> before </div>
fWilson.html:59:1 (fWilson.Rd:15): Warning: missing </ul> before </div>
Flavor: r-devel-linux-x86_64-debian-gcc