Last updated on 2025-10-21 09:48:47 CEST.
Flavor | Version | Tinstall | Tcheck | Ttotal | Status | Flags |
---|---|---|---|---|---|---|
r-devel-linux-x86_64-debian-clang | 1.9.0 | 2.25 | 57.53 | 59.78 | OK | |
r-devel-linux-x86_64-debian-gcc | 1.9.0 | 1.76 | 44.49 | 46.25 | NOTE | |
r-devel-linux-x86_64-fedora-clang | 1.9.0 | 99.08 | OK | |||
r-devel-linux-x86_64-fedora-gcc | 1.9.0 | 107.40 | OK | |||
r-devel-windows-x86_64 | 1.9.0 | 4.00 | 68.00 | 72.00 | OK | |
r-patched-linux-x86_64 | 1.9.0 | 2.41 | 54.72 | 57.13 | OK | |
r-release-linux-x86_64 | 1.9.0 | 2.21 | 53.38 | 55.59 | OK | |
r-release-macos-arm64 | 1.9.0 | 34.00 | OK | |||
r-release-macos-x86_64 | 1.9.0 | 61.00 | OK | |||
r-release-windows-x86_64 | 1.9.0 | 5.00 | 69.00 | 74.00 | OK | |
r-oldrel-macos-arm64 | 1.9.0 | 34.00 | OK | |||
r-oldrel-macos-x86_64 | 1.9.0 | 49.00 | OK | |||
r-oldrel-windows-x86_64 | 1.9.0 | 5.00 | 85.00 | 90.00 | OK |
Version: 1.9.0
Check: top-level files
Result: NOTE
Found the following validation problem for the NEWS.Rd HTML conversion:
NEWS.html:55:1 (inst/NEWS.Rd:18): Warning: <h4> anchor "MINOR-CHANGES" already defined
NEWS.html:110:1 (inst/NEWS.Rd:43): Warning: <h4> anchor "MINOR-CHANGES" already defined
NEWS.html:131:1 (inst/NEWS.Rd:54): Warning: <h4> anchor "MINOR-CHANGES" already defined
NEWS.html:149:1 (inst/NEWS.Rd:64): Warning: <h4> anchor "MINOR-CHANGES" already defined
NEWS.html:182:1 (inst/NEWS.Rd:79): Warning: <h4> anchor "MINOR-CHANGES" already defined
NEWS.html:200:1 (inst/NEWS.Rd:89): Warning: <h4> anchor "NEW-FEATURES" already defined
NEWS.html:211:1 (inst/NEWS.Rd:94): Warning: <h4> anchor "MAJOR-CHANGES" already defined
NEWS.html:225:1 (inst/NEWS.Rd:100): Warning: <h4> anchor "MINOR-CHANGES" already defined
NEWS.html:249:1 (inst/NEWS.Rd:111): Warning: <h4> anchor "MAJOR-CHANGES" already defined
NEWS.html:263:1 (inst/NEWS.Rd:117): Warning: <h4> anchor "MINOR-CHANGES" already defined
NEWS.html:287:1 (inst/NEWS.Rd:129): Warning: <h4> anchor "MAJOR-CHANGES" already defined
NEWS.html:308:1 (inst/NEWS.Rd:140): Warning: <h4> anchor "MINOR-CHANGES" already defined
NEWS.html:335:1 (inst/NEWS.Rd:153): Warning: <h4> anchor "MAJOR-CHANGES" already defined
NEWS.html:346:1 (inst/NEWS.Rd:158): Warning: <h4> anchor "MINOR-CHANGES" already defined
NEWS.html:364:1 (inst/NEWS.Rd:168): Warning: <h4> anchor "NEW-FEATURES" already defined
NEWS.html:375:1 (inst/NEWS.Rd:173): Warning: <h4> anchor "MAJOR-CHANGES" already defined
NEWS.html:385:1 (inst/NEWS.Rd:177): Warning: <h4> anchor "MINOR-CHANGES" already defined
Flavor: r-devel-linux-x86_64-debian-gcc