Last updated on 2025-10-21 09:48:47 CEST.
Flavor | Version | Tinstall | Tcheck | Ttotal | Status | Flags |
---|---|---|---|---|---|---|
r-devel-linux-x86_64-debian-clang | 2.1.0 | 19.34 | 39.24 | 58.58 | OK | |
r-devel-linux-x86_64-debian-gcc | 2.1.0 | 12.94 | 29.28 | 42.22 | NOTE | |
r-devel-linux-x86_64-fedora-clang | 2.1.0 | 102.64 | OK | |||
r-devel-linux-x86_64-fedora-gcc | 2.1.0 | 107.83 | OK | |||
r-devel-windows-x86_64 | 2.1.0 | 26.00 | 75.00 | 101.00 | OK | |
r-patched-linux-x86_64 | 2.1.0 | 20.95 | 34.97 | 55.92 | OK | |
r-release-linux-x86_64 | 2.1.0 | 20.60 | 35.06 | 55.66 | OK | |
r-release-macos-arm64 | 2.1.0 | 36.00 | OK | |||
r-release-macos-x86_64 | 2.1.0 | 108.00 | OK | |||
r-release-windows-x86_64 | 2.1.0 | 27.00 | 84.00 | 111.00 | OK | |
r-oldrel-macos-arm64 | 2.1.0 | 43.00 | OK | |||
r-oldrel-macos-x86_64 | 2.1.0 | 78.00 | OK | |||
r-oldrel-windows-x86_64 | 2.1.0 | 30.00 | 95.00 | 125.00 | OK |
Version: 2.1.0
Check: top-level files
Result: NOTE
Found the following validation problem for the NEWS.Rd HTML conversion:
NEWS.html:54:1 (inst/NEWS.Rd:19): Warning: <h4> anchor "MINOR-CHANGES" already defined
NEWS.html:90:1 (inst/NEWS.Rd:36): Warning: <h4> anchor "MINOR-CHANGES" already defined
NEWS.html:108:1 (inst/NEWS.Rd:46): Warning: <h4> anchor "NEW-FEATURES" already defined
NEWS.html:139:1 (inst/NEWS.Rd:59): Warning: <h4> anchor "MINOR-CHANGES" already defined
NEWS.html:163:1 (inst/NEWS.Rd:71): Warning: <h4> anchor "NEW-FEATURES" already defined
NEWS.html:174:1 (inst/NEWS.Rd:76): Warning: <h4> anchor "MINOR-CHANGES" already defined
NEWS.html:189:1 (inst/NEWS.Rd:85): Warning: <h4> anchor "MAJOR-CHANGES" already defined
NEWS.html:200:1 (inst/NEWS.Rd:90): Warning: <h4> anchor "MINOR-CHANGES" already defined
NEWS.html:221:1 (inst/NEWS.Rd:101): Warning: <h4> anchor "MINOR-CHANGES" already defined
NEWS.html:236:1 (inst/NEWS.Rd:110): Warning: <h4> anchor "MINOR-CHANGES" already defined
NEWS.html:251:1 (inst/NEWS.Rd:119): Warning: <h4> anchor "MINOR-CHANGES" already defined
NEWS.html:269:1 (inst/NEWS.Rd:129): Warning: <h4> anchor "NEW-FEATURES" already defined
NEWS.html:281:1 (inst/NEWS.Rd:135): Warning: <h4> anchor "MINOR-CHANGES" already defined
NEWS.html:299:1 (inst/NEWS.Rd:145): Warning: <h4> anchor "MINOR-CHANGES" already defined
Flavor: r-devel-linux-x86_64-debian-gcc