Last updated on 2025-10-21 09:48:47 CEST.
Flavor | Version | Tinstall | Tcheck | Ttotal | Status | Flags |
---|---|---|---|---|---|---|
r-devel-linux-x86_64-debian-clang | 1.4.0 | 6.54 | 168.21 | 174.75 | OK | |
r-devel-linux-x86_64-debian-gcc | 1.4.0 | 4.22 | 113.05 | 117.27 | NOTE | |
r-devel-linux-x86_64-fedora-clang | 1.4.0 | 261.63 | OK | |||
r-devel-linux-x86_64-fedora-gcc | 1.4.0 | 272.27 | OK | |||
r-devel-windows-x86_64 | 1.4.0 | 7.00 | 211.00 | 218.00 | OK | |
r-patched-linux-x86_64 | 1.4.0 | 7.84 | 161.73 | 169.57 | OK | |
r-release-linux-x86_64 | 1.4.0 | 6.71 | 158.63 | 165.34 | OK | |
r-release-macos-arm64 | 1.4.0 | 91.00 | OK | |||
r-release-macos-x86_64 | 1.4.0 | 173.00 | OK | |||
r-release-windows-x86_64 | 1.4.0 | 8.00 | 221.00 | 229.00 | OK | |
r-oldrel-macos-arm64 | 1.4.0 | 84.00 | OK | |||
r-oldrel-macos-x86_64 | 1.4.0 | 221.00 | OK | |||
r-oldrel-windows-x86_64 | 1.4.0 | 10.00 | 262.00 | 272.00 | OK |
Version: 1.4.0
Check: HTML version of manual
Result: NOTE
Found the following HTML validation problems:
NEWS.html:212:84 (NEWS.Rd:119): Warning: missing </p> before <a>
NEWS.html:212:5 (NEWS.Rd:119): Warning: missing </a> before <a>
NEWS.html:212:214 (NEWS.Rd:119): Warning: inserting implicit <p>
NEWS.html:212:218 (NEWS.Rd:119): Warning: discarding unexpected </a>
NEWS.html:213:84 (NEWS.Rd:119): Warning: missing </p> before <a>
NEWS.html:213:5 (NEWS.Rd:119): Warning: missing </a> before <a>
NEWS.html:213:214 (NEWS.Rd:119): Warning: inserting implicit <p>
NEWS.html:213:218 (NEWS.Rd:119): Warning: discarding unexpected </a>
NEWS.html:214:84 (NEWS.Rd:119): Warning: missing </p> before <a>
NEWS.html:214:5 (NEWS.Rd:119): Warning: missing </a> before <a>
NEWS.html:214:214 (NEWS.Rd:119): Warning: inserting implicit <p>
NEWS.html:214:218 (NEWS.Rd:119): Warning: discarding unexpected </a>
NEWS.html:215:84 (NEWS.Rd:119): Warning: missing </p> before <a>
NEWS.html:215:5 (NEWS.Rd:119): Warning: missing </a> before <a>
NEWS.html:215:214 (NEWS.Rd:119): Warning: inserting implicit <p>
NEWS.html:215:218 (NEWS.Rd:119): Warning: discarding unexpected </a>
NEWS.html:216:84 (NEWS.Rd:119): Warning: missing </p> before <a>
NEWS.html:216:5 (NEWS.Rd:119): Warning: missing </a> before <a>
NEWS.html:216:214 (NEWS.Rd:119): Warning: inserting implicit <p>
NEWS.html:216:218 (NEWS.Rd:119): Warning: discarding unexpected </a>
NEWS.html:217:84 (NEWS.Rd:119): Warning: missing </p> before <a>
NEWS.html:217:5 (NEWS.Rd:119): Warning: missing </a> before <a>
NEWS.html:217:214 (NEWS.Rd:119): Warning: inserting implicit <p>
NEWS.html:217:218 (NEWS.Rd:119): Warning: discarding unexpected </a>
NEWS.html:218:85 (NEWS.Rd:119): Warning: missing </p> before <a>
NEWS.html:218:5 (NEWS.Rd:119): Warning: missing </a> before <a>
NEWS.html:218:216 (NEWS.Rd:119): Warning: inserting implicit <p>
NEWS.html:218:220 (NEWS.Rd:119): Warning: discarding unexpected </a>
NEWS.html:219:85 (NEWS.Rd:119): Warning: missing </p> before <a>
NEWS.html:219:5 (NEWS.Rd:119): Warning: missing </a> before <a>
NEWS.html:219:216 (NEWS.Rd:119): Warning: inserting implicit <p>
NEWS.html:219:220 (NEWS.Rd:119): Warning: discarding unexpected </a>
NEWS.html:220:85 (NEWS.Rd:119): Warning: missing </p> before <a>
NEWS.html:220:5 (NEWS.Rd:119): Warning: missing </a> before <a>
NEWS.html:220:216 (NEWS.Rd:119): Warning: inserting implicit <p>
NEWS.html:220:220 (NEWS.Rd:119): Warning: discarding unexpected </a>
NEWS.html:221:85 (NEWS.Rd:119): Warning: missing </p> before <a>
NEWS.html:221:5 (NEWS.Rd:119): Warning: missing </a> before <a>
NEWS.html:221:216 (NEWS.Rd:119): Warning: inserting implicit <p>
NEWS.html:221:220 (NEWS.Rd:119): Warning: discarding unexpected </a>
NEWS.html:222:85 (NEWS.Rd:119): Warning: missing </p> before <a>
NEWS.html:222:5 (NEWS.Rd:119): Warning: missing </a> before <a>
NEWS.html:222:216 (NEWS.Rd:119): Warning: inserting implicit <p>
NEWS.html:222:220 (NEWS.Rd:119): Warning: discarding unexpected </a>
NEWS.html:223:82 (NEWS.Rd:119): Warning: missing </p> before <a>
NEWS.html:223:5 (NEWS.Rd:119): Warning: missing </a> before <a>
NEWS.html:223:210 (NEWS.Rd:119): Warning: inserting implicit <p>
NEWS.html:223:214 (NEWS.Rd:119): Warning: discarding unexpected </a>
NEWS.html:212:214 (NEWS.Rd:119): Warning: trimming empty <p>
NEWS.html:213:214 (NEWS.Rd:119): Warning: trimming empty <p>
NEWS.html:214:214 (NEWS.Rd:119): Warning: trimming empty <p>
NEWS.html:215:214 (NEWS.Rd:119): Warning: trimming empty <p>
NEWS.html:216:214 (NEWS.Rd:119): Warning: trimming empty <p>
NEWS.html:217:214 (NEWS.Rd:119): Warning: trimming empty <p>
NEWS.html:218:216 (NEWS.Rd:119): Warning: trimming empty <p>
NEWS.html:219:216 (NEWS.Rd:119): Warning: trimming empty <p>
NEWS.html:220:216 (NEWS.Rd:119): Warning: trimming empty <p>
NEWS.html:221:216 (NEWS.Rd:119): Warning: trimming empty <p>
NEWS.html:222:216 (NEWS.Rd:119): Warning: trimming empty <p>
NEWS.html:223:82 (NEWS.Rd:119): Warning: trimming empty <p>
NEWS.html:223:210 (NEWS.Rd:119): Warning: trimming empty <p>
Flavor: r-devel-linux-x86_64-debian-gcc