Last updated on 2025-10-21 09:48:48 CEST.
Flavor | Version | Tinstall | Tcheck | Ttotal | Status | Flags |
---|---|---|---|---|---|---|
r-devel-linux-x86_64-debian-clang | 0.1.0 | 3.69 | 30.17 | 33.86 | OK | |
r-devel-linux-x86_64-debian-gcc | 0.1.0 | 2.59 | 23.93 | 26.52 | NOTE | |
r-devel-linux-x86_64-fedora-clang | 0.1.0 | 49.59 | OK | |||
r-devel-linux-x86_64-fedora-gcc | 0.1.0 | 48.37 | OK | |||
r-devel-windows-x86_64 | 0.1.0 | 5.00 | 45.00 | 50.00 | OK | |
r-patched-linux-x86_64 | 0.1.0 | 3.27 | 27.41 | 30.68 | OK | |
r-release-linux-x86_64 | 0.1.0 | 3.59 | 27.60 | 31.19 | OK | |
r-release-macos-arm64 | 0.1.0 | 25.00 | OK | |||
r-release-macos-x86_64 | 0.1.0 | 36.00 | OK | |||
r-release-windows-x86_64 | 0.1.0 | 6.00 | 48.00 | 54.00 | OK | |
r-oldrel-macos-arm64 | 0.1.0 | 19.00 | OK | |||
r-oldrel-macos-x86_64 | 0.1.0 | 27.00 | OK | |||
r-oldrel-windows-x86_64 | 0.1.0 | 8.00 | 55.00 | 63.00 | OK |
Version: 0.1.0
Check: HTML version of manual
Result: NOTE
Found the following HTML validation problems:
SSEparser.html:138:1 (SSEparser.Rd:101): Warning: <h5> anchor "Usage" already defined
SSEparser.html:144:1 (SSEparser.Rd:105): Warning: <h5> anchor "Arguments" already defined
SSEparser.html:167:1 (SSEparser.Rd:118): Warning: <h5> anchor "Usage" already defined
SSEparser.html:183:1 (SSEparser.Rd:128): Warning: <h5> anchor "Usage" already defined
SSEparser.html:189:1 (SSEparser.Rd:132): Warning: <h5> anchor "Arguments" already defined
Flavor: r-devel-linux-x86_64-debian-gcc