Last updated on 2025-10-21 09:48:46 CEST.
Flavor | Version | Tinstall | Tcheck | Ttotal | Status | Flags |
---|---|---|---|---|---|---|
r-devel-linux-x86_64-debian-clang | 1.0.1 | 16.10 | 427.19 | 443.29 | OK | |
r-devel-linux-x86_64-debian-gcc | 1.0.1 | 10.52 | 319.64 | 330.16 | NOTE | |
r-devel-linux-x86_64-fedora-clang | 1.0.1 | 635.38 | OK | |||
r-devel-linux-x86_64-fedora-gcc | 1.0.1 | 599.44 | OK | |||
r-devel-windows-x86_64 | 1.0.1 | 17.00 | 399.00 | 416.00 | OK | |
r-patched-linux-x86_64 | 1.0.1 | 16.08 | 367.61 | 383.69 | OK | |
r-release-linux-x86_64 | 1.0.1 | 13.76 | 368.12 | 381.88 | OK | |
r-release-macos-arm64 | 1.0.1 | 188.00 | OK | |||
r-release-macos-x86_64 | 1.0.1 | 426.00 | OK | |||
r-release-windows-x86_64 | 1.0.1 | 22.00 | 423.00 | 445.00 | OK | |
r-oldrel-macos-arm64 | 1.0.1 | 194.00 | OK | |||
r-oldrel-macos-x86_64 | 1.0.1 | 432.00 | OK | |||
r-oldrel-windows-x86_64 | 1.0.1 | 25.00 | 558.00 | 583.00 | OK |
Version: 1.0.1
Check: HTML version of manual
Result: NOTE
Found the following HTML validation problems:
SEQexpand.html:46:1 (SEQexpand.Rd:10): Warning: missing </ul> before </div>
clean_fastglm.html:46:1 (clean_fastglm.Rd:10): Warning: missing </ul> before </div>
inline.pred.html:66:1 (inline.pred.Rd:24): Warning: missing </ul> before </div>
internal.plot.html:50:1 (internal.plot.Rd:12): Warning: missing </ul> before </div>
internal.weights.html:54:1 (internal.weights.Rd:14): Warning: missing </ul> before </div>
prepare.data.html:58:1 (prepare.data.Rd:16): Warning: missing </ul> before </div>
Flavor: r-devel-linux-x86_64-debian-gcc