Last updated on 2025-10-21 09:48:46 CEST.
Flavor | Version | Tinstall | Tcheck | Ttotal | Status | Flags |
---|---|---|---|---|---|---|
r-devel-linux-x86_64-debian-clang | 1.2-1 | 1.78 | 19.26 | 21.04 | OK | |
r-devel-linux-x86_64-debian-gcc | 1.2-1 | 1.46 | 15.89 | 17.35 | NOTE | |
r-devel-linux-x86_64-fedora-clang | 1.2-1 | 34.67 | OK | |||
r-devel-linux-x86_64-fedora-gcc | 1.2-1 | 31.83 | OK | |||
r-devel-windows-x86_64 | 1.2-1 | 4.00 | 38.00 | 42.00 | OK | |
r-patched-linux-x86_64 | 1.2-1 | 1.88 | 18.26 | 20.14 | OK | |
r-release-linux-x86_64 | 1.2-1 | 1.69 | 18.37 | 20.06 | OK | |
r-release-macos-arm64 | 1.2-1 | 14.00 | OK | |||
r-release-macos-x86_64 | 1.2-1 | 31.00 | OK | |||
r-release-windows-x86_64 | 1.2-1 | 3.00 | 43.00 | 46.00 | OK | |
r-oldrel-macos-arm64 | 1.2-1 | 18.00 | OK | |||
r-oldrel-macos-x86_64 | 1.2-1 | 36.00 | OK | |||
r-oldrel-windows-x86_64 | 1.2-1 | 4.00 | 44.00 | 48.00 | OK |
Version: 1.2-1
Check: top-level files
Result: NOTE
Found the following validation problem for the NEWS.Rd HTML conversion:
NEWS.html:78:1 (inst/NEWS.Rd:37): Warning: <h4> anchor "NEW-FEATURES" already defined
Flavor: r-devel-linux-x86_64-debian-gcc