CRAN Package Check Results for Package Rlinkedin

Last updated on 2025-02-21 09:50:58 CET.

Flavor Version Tinstall Tcheck Ttotal Status Flags
r-devel-linux-x86_64-debian-clang 0.2 4.15 33.11 37.26 OK
r-devel-linux-x86_64-debian-gcc 0.2 2.71 25.32 28.03 OK
r-devel-linux-x86_64-fedora-clang 0.2 60.34 OK
r-devel-linux-x86_64-fedora-gcc 0.2 57.67 OK
r-devel-macos-arm64 0.2 22.00 OK
r-devel-macos-x86_64 0.2 32.00 OK
r-devel-windows-x86_64 0.2 6.00 59.00 65.00 OK
r-patched-linux-x86_64 0.2 3.87 31.36 35.23 NOTE
r-release-linux-x86_64 0.2 3.43 31.19 34.62 NOTE
r-release-macos-arm64 0.2 24.00 NOTE
r-release-macos-x86_64 0.2 33.00 NOTE
r-release-windows-x86_64 0.2 5.00 57.00 62.00 NOTE
r-oldrel-macos-arm64 0.2 26.00 NOTE
r-oldrel-macos-x86_64 0.2 36.00 NOTE
r-oldrel-windows-x86_64 0.2 5.00 66.00 71.00 NOTE

Check Details

Version: 0.2
Check: LazyData
Result: NOTE 'LazyData' is specified without a 'data' directory Flavors: r-patched-linux-x86_64, r-release-linux-x86_64, r-release-macos-arm64, r-release-macos-x86_64, r-release-windows-x86_64, r-oldrel-macos-arm64, r-oldrel-macos-x86_64, r-oldrel-windows-x86_64