CRAN Package Check Results for Package Rigma

Last updated on 2025-07-12 09:49:29 CEST.

Flavor Version Tinstall Tcheck Ttotal Status Flags
r-devel-linux-x86_64-debian-clang 0.3.0 6.61 60.92 67.53 OK
r-devel-linux-x86_64-debian-gcc 0.3.0 5.29 43.92 49.21 WARN
r-devel-linux-x86_64-fedora-clang 0.3.0 102.70 OK
r-devel-linux-x86_64-fedora-gcc 0.3.0 110.79 OK
r-devel-windows-x86_64 0.3.0 10.00 78.00 88.00 OK
r-patched-linux-x86_64 0.3.0 7.10 55.14 62.24 OK
r-release-linux-x86_64 0.3.0 5.37 53.89 59.26 OK
r-release-macos-arm64 0.3.0 37.00 OK
r-release-macos-x86_64 0.3.0 69.00 OK
r-release-windows-x86_64 0.3.0 9.00 78.00 87.00 OK
r-oldrel-macos-arm64 0.3.0 44.00 OK
r-oldrel-macos-x86_64 0.3.0 73.00 OK
r-oldrel-windows-x86_64 0.3.0 10.00 95.00 105.00 OK

Check Details

Version: 0.3.0
Check: replacement functions
Result: WARN ‘add_color.:.design_tibble_style’ ‘as_design_tibble.:.rigma_get_file_styles’ ‘as_design_tibble.:.rigma_get_team_styles’ ‘add_color.:.design_tibble_style’ ‘as_design_tibble.:.rigma_get_file_styles’ ‘as_design_tibble.:.rigma_get_team_styles’ The argument of a replacement function which corresponds to the right hand side must be named ‘value’. Flavor: r-devel-linux-x86_64-debian-gcc