Last updated on 2025-10-21 09:48:43 CEST.
Flavor | Version | Tinstall | Tcheck | Ttotal | Status | Flags |
---|---|---|---|---|---|---|
r-devel-linux-x86_64-debian-clang | 1.0.6 | 22.80 | 26.29 | 49.09 | OK | |
r-devel-linux-x86_64-debian-gcc | 1.0.6 | 19.45 | 21.58 | 41.03 | NOTE | |
r-devel-linux-x86_64-fedora-clang | 1.0.6 | 85.24 | OK | |||
r-devel-linux-x86_64-fedora-gcc | 1.0.6 | 84.54 | OK | |||
r-devel-windows-x86_64 | 1.0.6 | 39.00 | 53.00 | 92.00 | OK | |
r-patched-linux-x86_64 | 1.0.6 | 23.87 | 25.31 | 49.18 | OK | |
r-release-linux-x86_64 | 1.0.6 | 23.82 | 25.05 | 48.87 | OK | |
r-release-macos-arm64 | 1.0.6 | 59.00 | OK | |||
r-release-macos-x86_64 | 1.0.6 | 45.00 | OK | |||
r-release-windows-x86_64 | 1.0.6 | 36.00 | 62.00 | 98.00 | OK | |
r-oldrel-macos-arm64 | 1.0.6 | 58.00 | OK | |||
r-oldrel-macos-x86_64 | 1.0.6 | 49.00 | OK | |||
r-oldrel-windows-x86_64 | 1.0.6 | 40.00 | 64.00 | 104.00 | OK |
Version: 1.0.6
Check: HTML version of manual
Result: NOTE
Found the following HTML validation problems:
dsdp-readsdpa.html:52:1 (dsdp-readsdpa.Rd:17): Warning: missing </ul> before </div>
Flavor: r-devel-linux-x86_64-debian-gcc