CRAN Package Check Results for Package Rcpp

Last updated on 2025-10-21 09:48:43 CEST.

Flavor Version Tinstall Tcheck Ttotal Status Flags
r-devel-linux-x86_64-debian-clang 1.1.0 32.82 87.40 120.22 OK
r-devel-linux-x86_64-debian-gcc 1.1.0 24.47 65.89 90.36 NOTE
r-devel-linux-x86_64-fedora-clang 1.1.0 187.77 NOTE
r-devel-linux-x86_64-fedora-gcc 1.1.0 195.98 NOTE
r-devel-windows-x86_64 1.1.0 50.00 243.00 293.00 OK
r-patched-linux-x86_64 1.1.0 32.58 78.94 111.52 OK
r-release-linux-x86_64 1.1.0 29.62 79.00 108.62 OK
r-release-macos-arm64 1.1.0 201.00 OK
r-release-macos-x86_64 1.1.0 167.00 OK
r-release-windows-x86_64 1.1.0 59.00 217.00 276.00 OK
r-oldrel-macos-arm64 1.1.0 179.00 NOTE
r-oldrel-macos-x86_64 1.1.0 169.00 NOTE
r-oldrel-windows-x86_64 1.1.0 52.00 218.00 270.00 NOTE

Check Details

Version: 1.1.0
Check: HTML version of manual
Result: NOTE Found the following HTML validation problems: Rcpp-internal.html:61:1 (Rcpp-internal.Rd:18): Warning: missing </ul> before </div> populate.html:52:1 (populate.Rd:14): Warning: missing </ul> before </div> Flavor: r-devel-linux-x86_64-debian-gcc

Version: 1.1.0
Check: foreign function calls
Result: NOTE Registration problem: symbol ‘symbol’ in the local frame: .Call(symbol) See chapter ‘System and foreign language interfaces’ in the ‘Writing R Extensions’ manual. Flavors: r-devel-linux-x86_64-fedora-clang, r-devel-linux-x86_64-fedora-gcc

Version: 1.1.0
Check: installed package size
Result: NOTE installed size is 10.4Mb sub-directories of 1Mb or more: doc 1.2Mb include 2.1Mb libs 5.2Mb Flavors: r-oldrel-macos-arm64, r-oldrel-macos-x86_64, r-oldrel-windows-x86_64