Last updated on 2025-10-21 09:48:42 CEST.
Flavor | Version | Tinstall | Tcheck | Ttotal | Status | Flags |
---|---|---|---|---|---|---|
r-devel-linux-x86_64-debian-clang | 0.3.9 | 35.35 | 321.41 | 356.76 | OK | |
r-devel-linux-x86_64-debian-gcc | 0.3.9 | 25.41 | 214.00 | 239.41 | NOTE | |
r-devel-linux-x86_64-fedora-clang | 0.3.9 | 616.54 | OK | |||
r-devel-linux-x86_64-fedora-gcc | 0.3.9 | 584.88 | OK | |||
r-devel-windows-x86_64 | 0.3.9 | 42.00 | 447.00 | 489.00 | OK | |
r-patched-linux-x86_64 | 0.3.9 | 36.67 | 311.13 | 347.80 | OK | |
r-release-linux-x86_64 | 0.3.9 | 39.22 | 309.64 | 348.86 | OK | |
r-release-macos-arm64 | 0.3.9 | 202.00 | OK | |||
r-release-macos-x86_64 | 0.3.9 | 432.00 | OK | |||
r-release-windows-x86_64 | 0.3.9 | 43.00 | 442.00 | 485.00 | OK | |
r-oldrel-macos-arm64 | 0.3.9 | 193.00 | NOTE | |||
r-oldrel-macos-x86_64 | 0.3.9 | 294.00 | NOTE | |||
r-oldrel-windows-x86_64 | 0.3.9 | 56.00 | 588.00 | 644.00 | NOTE |
Version: 0.3.9
Check: HTML version of manual
Result: NOTE
Found the following HTML validation problems:
plotPC.html:50:1 (plotPC.Rd:12): Warning: missing </ul> before </div>
plotPP.html:62:1 (plotPP.Rd:18): Warning: missing </ul> before </div>
plotUMINoise.html:54:1 (plotUMINoise.Rd:14): Warning: missing </ul> before </div>
Flavor: r-devel-linux-x86_64-debian-gcc
Version: 0.3.9
Check: installed package size
Result: NOTE
installed size is 10.9Mb
sub-directories of 1Mb or more:
data 2.1Mb
doc 6.6Mb
libs 1.3Mb
Flavors: r-oldrel-macos-arm64, r-oldrel-macos-x86_64, r-oldrel-windows-x86_64