Last updated on 2025-10-21 09:48:42 CEST.
Flavor | Version | Tinstall | Tcheck | Ttotal | Status | Flags |
---|---|---|---|---|---|---|
r-devel-linux-x86_64-debian-clang | 1.0 | 5.85 | 53.65 | 59.50 | NOTE | |
r-devel-linux-x86_64-debian-gcc | 1.0 | 3.74 | 40.03 | 43.77 | NOTE | |
r-devel-linux-x86_64-fedora-clang | 1.0 | 91.52 | OK | |||
r-devel-linux-x86_64-fedora-gcc | 1.0 | 84.54 | OK | |||
r-devel-windows-x86_64 | 1.0 | 7.00 | 66.00 | 73.00 | OK | |
r-patched-linux-x86_64 | 1.0 | 5.21 | 50.45 | 55.66 | OK | |
r-release-linux-x86_64 | 1.0 | 5.04 | 49.37 | 54.41 | OK | |
r-release-macos-arm64 | 1.0 | 25.00 | OK | |||
r-release-macos-x86_64 | 1.0 | 45.00 | OK | |||
r-release-windows-x86_64 | 1.0 | 7.00 | 66.00 | 73.00 | OK | |
r-oldrel-macos-arm64 | 1.0 | 25.00 | OK | |||
r-oldrel-macos-x86_64 | 1.0 | 45.00 | OK | |||
r-oldrel-windows-x86_64 | 1.0 | 10.00 | 81.00 | 91.00 | OK |
Version: 1.0
Check: CRAN incoming feasibility
Result: NOTE
Maintainer: ‘Erica Ponzi <erica.ponzi@medisin.uio.no>’
The Description field contains
<arXiv:2101.09110>.
Please refer to arXiv e-prints via their arXiv DOI <doi:10.48550/arXiv.YYMM.NNNNN>.
Flavors: r-devel-linux-x86_64-debian-clang, r-devel-linux-x86_64-debian-gcc
Version: 1.0
Check: HTML version of manual
Result: NOTE
Found the following HTML validation problems:
data_heatmap.html:62:1 (data_heatmap.Rd:18): Warning: missing </ul> before </div>
get_final_decomposition_robustH.html:58:1 (get_final_decomposition_robustH.Rd:16): Warning: missing </ul> before </div>
get_individual_decomposition_robustH.html:63:1 (get_individual_decomposition_robustH.Rd:21): Warning: missing </ul> before </div>
get_joint_decomposition_robustH.html:54:1 (get_joint_decomposition_robustH.Rd:14): Warning: missing </ul> before </div>
get_joint_scores_robustH.html:78:1 (get_joint_scores_robustH.Rd:30): Warning: missing </ul> before </div>
get_sv_threshold.html:50:1 (get_sv_threshold.Rd:12): Warning: missing </ul> before </div>
get_wedin_bound_samples.html:58:1 (get_wedin_bound_samples.Rd:16): Warning: missing </ul> before </div>
sim_dist.html:54:1 (sim_dist.Rd:14): Warning: missing </ul> before </div>
wedin_bound_resampling.html:58:1 (wedin_bound_resampling.Rd:16): Warning: missing </ul> before </div>
Flavor: r-devel-linux-x86_64-debian-gcc