CRAN Package Check Results for Package RSSampling

Last updated on 2025-02-21 09:50:59 CET.

Flavor Version Tinstall Tcheck Ttotal Status Flags
r-devel-linux-x86_64-debian-clang 1.0 5.02 29.54 34.56 OK
r-devel-linux-x86_64-debian-gcc 1.0 3.42 20.96 24.38 OK
r-devel-linux-x86_64-fedora-clang 1.0 62.97 OK
r-devel-linux-x86_64-fedora-gcc 1.0 55.11 OK
r-devel-macos-arm64 1.0 18.00 OK
r-devel-macos-x86_64 1.0 43.00 OK
r-devel-windows-x86_64 1.0 5.00 51.00 56.00 OK
r-patched-linux-x86_64 1.0 5.35 27.91 33.26 NOTE
r-release-linux-x86_64 1.0 5.25 28.46 33.71 NOTE
r-release-macos-arm64 1.0 19.00 NOTE
r-release-macos-x86_64 1.0 27.00 NOTE
r-release-windows-x86_64 1.0 7.00 48.00 55.00 NOTE
r-oldrel-macos-arm64 1.0 20.00 NOTE
r-oldrel-macos-x86_64 1.0 29.00 NOTE
r-oldrel-windows-x86_64 1.0 7.00 53.00 60.00 NOTE

Check Details

Version: 1.0
Check: LazyData
Result: NOTE 'LazyData' is specified without a 'data' directory Flavors: r-patched-linux-x86_64, r-release-linux-x86_64, r-release-macos-arm64, r-release-macos-x86_64, r-release-windows-x86_64, r-oldrel-macos-arm64, r-oldrel-macos-x86_64, r-oldrel-windows-x86_64