CRAN Package Check Results for Package RSNNS

Last updated on 2025-10-21 09:48:45 CEST.

Flavor Version Tinstall Tcheck Ttotal Status Flags
r-devel-linux-x86_64-debian-clang 0.4-17 71.28 50.60 121.88 NOTE
r-devel-linux-x86_64-debian-gcc 0.4-17 50.46 37.66 88.12 NOTE
r-devel-linux-x86_64-fedora-clang 0.4-17 287.84 OK
r-devel-linux-x86_64-fedora-gcc 0.4-17 208.70 OK
r-devel-windows-x86_64 0.4-17 92.00 97.00 189.00 OK
r-patched-linux-x86_64 0.4-17 72.52 48.43 120.95 NOTE
r-release-linux-x86_64 0.4-17 70.32 48.38 118.70 NOTE
r-release-macos-arm64 0.4-17 59.00 OK
r-release-macos-x86_64 0.4-17 85.00 OK
r-release-windows-x86_64 0.4-17 97.00 105.00 202.00 OK
r-oldrel-macos-arm64 0.4-17 54.00 NOTE
r-oldrel-macos-x86_64 0.4-17 66.00 NOTE
r-oldrel-windows-x86_64 0.4-17 106.00 118.00 224.00 OK

Check Details

Version: 0.4-17
Check: for unstated dependencies in ‘demo’
Result: NOTE 'library' or 'require' call not declared from: ‘plot3D’ Flavors: r-devel-linux-x86_64-debian-clang, r-devel-linux-x86_64-debian-gcc, r-patched-linux-x86_64, r-release-linux-x86_64

Version: 0.4-17
Check: HTML version of manual
Result: NOTE Found the following HTML validation problems: SnnsRObject-initializeNet.html:53:1 (SnnsRObject-initializeNet.Rd:14): Warning: missing </ul> before </div> SnnsRObject-setUnitDefaults.html:75:1 (SnnsRObject-setUnitDefaults.Rd:24): Warning: missing </ul> before </div> exportToSnnsNetFile.html:55:1 (exportToSnnsNetFile.Rd:14): Warning: missing </ul> before </div> inputColumns.html:47:1 (inputColumns.Rd:10): Warning: missing </ul> before </div> outputColumns.html:47:1 (outputColumns.Rd:10): Warning: missing </ul> before </div> plotRegressionError.html:57:1 (plotRegressionError.Rd:14): Warning: missing </ul> before </div> print.rsnns.html:51:1 (print.rsnns.Rd:12): Warning: missing </ul> before </div> savePatFile.html:55:1 (savePatFile.Rd:14): Warning: missing </ul> before </div> setSnnsRSeedValue.html:46:1 (setSnnsRSeedValue.Rd:10): Warning: missing </ul> before </div> Flavor: r-devel-linux-x86_64-debian-gcc

Version: 0.4-17
Check: installed package size
Result: NOTE installed size is 7.2Mb sub-directories of 1Mb or more: libs 6.2Mb Flavors: r-oldrel-macos-arm64, r-oldrel-macos-x86_64