Last updated on 2025-02-21 09:50:58 CET.
Flavor | Version | Tinstall | Tcheck | Ttotal | Status | Flags |
---|---|---|---|---|---|---|
r-devel-linux-x86_64-debian-clang | 0.9 | 3.64 | 28.07 | 31.71 | NOTE | |
r-devel-linux-x86_64-debian-gcc | 0.9 | 2.63 | 21.22 | 23.85 | NOTE | |
r-devel-linux-x86_64-fedora-clang | 0.9 | 52.07 | NOTE | |||
r-devel-linux-x86_64-fedora-gcc | 0.9 | 47.62 | NOTE | |||
r-devel-macos-arm64 | 0.9 | 19.00 | NOTE | |||
r-devel-macos-x86_64 | 0.9 | 32.00 | NOTE | |||
r-devel-windows-x86_64 | 0.9 | 4.00 | 48.00 | 52.00 | NOTE | |
r-patched-linux-x86_64 | 0.9 | 3.54 | 26.33 | 29.87 | NOTE | |
r-release-linux-x86_64 | 0.9 | 3.29 | 26.31 | 29.60 | NOTE | |
r-release-macos-arm64 | 0.9 | 19.00 | NOTE | |||
r-release-macos-x86_64 | 0.9 | 28.00 | NOTE | |||
r-release-windows-x86_64 | 0.9 | 4.00 | 47.00 | 51.00 | NOTE | |
r-oldrel-macos-arm64 | 0.9 | 22.00 | NOTE | |||
r-oldrel-macos-x86_64 | 0.9 | 30.00 | NOTE | |||
r-oldrel-windows-x86_64 | 0.9 | 7.00 | 52.00 | 59.00 | NOTE |
Version: 0.9
Check: DESCRIPTION meta-information
Result: NOTE
Malformed Title field: should not end in a period.
Flavors: r-devel-linux-x86_64-debian-clang, r-devel-linux-x86_64-debian-gcc, r-devel-linux-x86_64-fedora-clang, r-devel-linux-x86_64-fedora-gcc, r-devel-macos-arm64, r-devel-macos-x86_64, r-devel-windows-x86_64, r-patched-linux-x86_64, r-release-linux-x86_64, r-release-macos-arm64, r-release-macos-x86_64, r-release-windows-x86_64, r-oldrel-macos-arm64, r-oldrel-macos-x86_64, r-oldrel-windows-x86_64
Version: 0.9
Check: dependencies in R code
Result: NOTE
Namespace in Imports field not imported from: ‘methods’
All declared Imports should be used.
Flavors: r-devel-linux-x86_64-fedora-clang, r-devel-linux-x86_64-fedora-gcc
Version: 0.9
Check: installed package size
Result: NOTE
installed size is 12.1Mb
sub-directories of 1Mb or more:
java 12.1Mb
Flavors: r-release-macos-arm64, r-release-macos-x86_64, r-release-windows-x86_64, r-oldrel-macos-arm64, r-oldrel-macos-x86_64, r-oldrel-windows-x86_64