Last updated on 2025-10-21 09:48:45 CEST.
Flavor | Version | Tinstall | Tcheck | Ttotal | Status | Flags |
---|---|---|---|---|---|---|
r-devel-linux-x86_64-debian-clang | 1.2.2 | 3.98 | 37.58 | 41.56 | OK | |
r-devel-linux-x86_64-debian-gcc | 1.2.2 | 3.11 | 29.82 | 32.93 | NOTE | |
r-devel-linux-x86_64-fedora-clang | 1.2.2 | 63.62 | OK | |||
r-devel-linux-x86_64-fedora-gcc | 1.2.2 | 76.52 | OK | |||
r-devel-windows-x86_64 | 1.2.2 | 5.00 | 54.00 | 59.00 | OK | |
r-patched-linux-x86_64 | 1.2.2 | 3.59 | 34.93 | 38.52 | OK | |
r-release-linux-x86_64 | 1.2.2 | 3.79 | 34.71 | 38.50 | OK | |
r-release-macos-arm64 | 1.2.2 | 31.00 | OK | |||
r-release-macos-x86_64 | 1.2.2 | 54.00 | OK | |||
r-release-windows-x86_64 | 1.2.2 | 10.00 | 75.00 | 85.00 | OK | |
r-oldrel-macos-arm64 | 1.2.2 | 35.00 | OK | |||
r-oldrel-macos-x86_64 | 1.2.2 | 56.00 | OK | |||
r-oldrel-windows-x86_64 | 1.2.2 | 8.00 | 71.00 | 79.00 | OK |
Version: 1.2.2
Check: HTML version of manual
Result: NOTE
Found the following HTML validation problems:
AllocationRule.html:281:1 (AllocationRule.Rd:161): Warning: missing </ul> before </div>
AllocationRule.html:129:1 (AllocationRule.Rd:71): Warning: <h5> anchor "Usage" already defined
AllocationRule.html:135:1 (AllocationRule.Rd:75): Warning: <h5> anchor "Arguments" already defined
AllocationRule.html:171:1 (AllocationRule.Rd:97): Warning: <h5> anchor "Usage" already defined
AllocationRule.html:177:1 (AllocationRule.Rd:101): Warning: <h5> anchor "Arguments" already defined
AllocationRule.html:190:1 (AllocationRule.Rd:108): Warning: <h5> anchor "Returns" already defined
AllocationRule.html:207:1 (AllocationRule.Rd:117): Warning: <h5> anchor "Usage" already defined
AllocationRule.html:213:1 (AllocationRule.Rd:121): Warning: <h5> anchor "Arguments" already defined
AllocationRule.html:242:1 (AllocationRule.Rd:140): Warning: <h5> anchor "Usage" already defined
AllocationRule.html:258:1 (AllocationRule.Rd:150): Warning: <h5> anchor "Usage" already defined
AllocationRule.html:264:1 (AllocationRule.Rd:154): Warning: <h5> anchor "Arguments" already defined
clean_python_settings.html:46:1 (clean_python_settings.Rd:10): Warning: missing </ul> before </div>
setup_python.html:47:1 (setup_python.Rd:10): Warning: missing </ul> before </div>
Flavor: r-devel-linux-x86_64-debian-gcc