Last updated on 2025-10-21 09:48:44 CEST.
Flavor | Version | Tinstall | Tcheck | Ttotal | Status | Flags |
---|---|---|---|---|---|---|
r-devel-linux-x86_64-debian-clang | 0.1.0 | 3.23 | 38.93 | 42.16 | NOTE | |
r-devel-linux-x86_64-debian-gcc | 0.1.0 | 2.87 | 29.80 | 32.67 | NOTE | |
r-devel-linux-x86_64-fedora-clang | 0.1.0 | 62.50 | NOTE | |||
r-devel-linux-x86_64-fedora-gcc | 0.1.0 | 73.47 | NOTE | |||
r-devel-windows-x86_64 | 0.1.0 | 5.00 | 64.00 | 69.00 | NOTE | |
r-patched-linux-x86_64 | 0.1.0 | 5.47 | 36.15 | 41.62 | NOTE | |
r-release-linux-x86_64 | 0.1.0 | 4.00 | 36.47 | 40.47 | NOTE | |
r-release-macos-arm64 | 0.1.0 | 35.00 | NOTE | |||
r-release-macos-x86_64 | 0.1.0 | 62.00 | NOTE | |||
r-release-windows-x86_64 | 0.1.0 | 6.00 | 65.00 | 71.00 | NOTE | |
r-oldrel-macos-arm64 | 0.1.0 | 28.00 | NOTE | |||
r-oldrel-macos-x86_64 | 0.1.0 | 42.00 | NOTE | |||
r-oldrel-windows-x86_64 | 0.1.0 | 7.00 | 76.00 | 83.00 | NOTE |
Version: 0.1.0
Check: Rd files
Result: NOTE
checkRd: (-1) GenerateClusterData.Rd:34: Lost braces; missing escapes or markup?
34 | origin, v_1, -v_1, v_2, -v_2, v_3, -v_3,..., v_{(numberOfClusters-1)/2},
| ^
checkRd: (-1) GenerateClusterData.Rd:35: Lost braces; missing escapes or markup?
35 | -v_{(numberOfClusters-1)/2} (if \code{numberOfClusters} is odd)
| ^
checkRd: (-1) GenerateClusterData.Rd:36: Lost braces; missing escapes or markup?
36 | origin, v_1, -v_1, v_2, -v_2, v_3, -v_3,..., v_{(numberOfClusters-1)/2}
| ^
checkRd: (-1) GetClusteringDefaultMicrobenchmarks.Rd:21-22: Lost braces in \enumerate; meant \describe ?
checkRd: (-1) GetClusteringDefaultMicrobenchmarks.Rd:23-24: Lost braces in \enumerate; meant \describe ?
checkRd: (-1) GetClusteringDefaultMicrobenchmarks.Rd:25-26: Lost braces in \enumerate; meant \describe ?
checkRd: (-1) GetClusteringDefaultMicrobenchmarks.Rd:27-28: Lost braces in \enumerate; meant \describe ?
checkRd: (-1) GetClusteringDefaultMicrobenchmarks.Rd:29-30: Lost braces in \enumerate; meant \describe ?
checkRd: (-1) GetClusteringDefaultMicrobenchmarks.Rd:31-32: Lost braces in \enumerate; meant \describe ?
checkRd: (-1) GetClusteringDefaultMicrobenchmarks.Rd:33-34: Lost braces in \enumerate; meant \describe ?
checkRd: (-1) GetClusteringDefaultMicrobenchmarks.Rd:35-36: Lost braces
35 | \item{pam_cluster_64_7_5715},{N=64, seven clusters with 5715 vectors per
| ^
checkRd: (-1) GetClusteringDefaultMicrobenchmarks.Rd:37-38: Lost braces in \enumerate; meant \describe ?
checkRd: (-1) GetClusteringDefaultMicrobenchmarks.Rd:39-40: Lost braces in \enumerate; meant \describe ?
checkRd: (-1) GetClusteringExampleMicrobenchmarks.Rd:21-22: Lost braces in \enumerate; meant \describe ?
checkRd: (-1) GetClusteringExampleMicrobenchmarks.Rd:23-24: Lost braces in \enumerate; meant \describe ?
Flavors: r-devel-linux-x86_64-debian-clang, r-devel-linux-x86_64-debian-gcc, r-devel-linux-x86_64-fedora-clang, r-devel-linux-x86_64-fedora-gcc, r-devel-windows-x86_64, r-patched-linux-x86_64, r-release-linux-x86_64, r-release-macos-arm64, r-release-macos-x86_64, r-release-windows-x86_64, r-oldrel-macos-arm64, r-oldrel-macos-x86_64, r-oldrel-windows-x86_64
Version: 0.1.0
Check: HTML version of manual
Result: NOTE
Found the following HTML validation problems:
ComputeAverageTime.html:53:1 (ComputeAverageTime.Rd:13): Warning: missing </ul> before </div>
ComputeStandardDeviation.html:54:1 (ComputeStandardDeviation.Rd:13): Warning: missing </ul> before </div>
CrossprodAllocator.html:58:1 (CrossprodAllocator.Rd:16): Warning: missing </ul> before </div>
DeformtransAllocator.html:59:1 (DeformtransAllocator.Rd:16): Warning: missing </ul> before </div>
DeterminantAllocator.html:58:1 (DeterminantAllocator.Rd:16): Warning: missing </ul> before </div>
EigenAllocator.html:58:1 (EigenAllocator.Rd:16): Warning: missing </ul> before </div>
LsfitAllocator.html:57:1 (LsfitAllocator.Rd:16): Warning: missing </ul> before </div>
MatmatAllocator.html:59:1 (MatmatAllocator.Rd:16): Warning: missing </ul> before </div>
MatvecAllocator.html:59:1 (MatvecAllocator.Rd:16): Warning: missing </ul> before </div>
QrAllocator.html:59:1 (QrAllocator.Rd:16): Warning: missing </ul> before </div>
SolveAllocator.html:59:1 (SolveAllocator.Rd:17): Warning: missing </ul> before </div>
SparseCholeskyAllocator.html:58:1 (SparseCholeskyAllocator.Rd:16): Warning: missing </ul> before </div>
SparseLuAllocator.html:57:1 (SparseLuAllocator.Rd:16): Warning: missing </ul> before </div>
SparseQrAllocator.html:57:1 (SparseQrAllocator.Rd:16): Warning: missing </ul> before </div>
SvdAllocator.html:58:1 (SvdAllocator.Rd:16): Warning: missing </ul> before </div>
TransposeAllocator.html:58:1 (TransposeAllocator.Rd:16): Warning: missing </ul> before </div>
Flavor: r-devel-linux-x86_64-debian-gcc
Version: 0.1.0
Check: LazyData
Result: NOTE
'LazyData' is specified without a 'data' directory
Flavors: r-oldrel-macos-arm64, r-oldrel-macos-x86_64, r-oldrel-windows-x86_64