Last updated on 2025-07-12 09:49:28 CEST.
Flavor | Version | Tinstall | Tcheck | Ttotal | Status | Flags |
---|---|---|---|---|---|---|
r-devel-linux-x86_64-debian-clang | 0.1.1 | 7.35 | 117.64 | 124.99 | NOTE | |
r-devel-linux-x86_64-debian-gcc | 0.1.1 | 6.82 | 33.92 | 40.74 | OK | |
r-devel-linux-x86_64-fedora-clang | 0.1.1 | 83.44 | OK | |||
r-devel-linux-x86_64-fedora-gcc | 0.1.1 | 80.26 | OK | |||
r-devel-windows-x86_64 | 0.1.1 | 9.00 | 61.00 | 70.00 | OK | |
r-patched-linux-x86_64 | 0.1.1 | 7.51 | 113.81 | 121.32 | NOTE | |
r-release-linux-x86_64 | 0.1.1 | 7.30 | 108.48 | 115.78 | NOTE | |
r-release-macos-arm64 | 0.1.1 | 27.00 | OK | |||
r-release-macos-x86_64 | 0.1.1 | 40.00 | OK | |||
r-release-windows-x86_64 | 0.1.1 | 10.00 | 58.00 | 68.00 | OK | |
r-oldrel-macos-arm64 | 0.1.1 | 21.00 | OK | |||
r-oldrel-macos-x86_64 | 0.1.1 | 31.00 | OK | |||
r-oldrel-windows-x86_64 | 0.1.1 | 13.00 | 71.00 | 84.00 | OK |
Version: 0.1.1
Check: R code for possible problems
Result: NOTE
DCGAN_Discriminator: no visible global function definition for
‘create_nn_module_callable’
DCGAN_Generator: no visible global function definition for
‘create_nn_module_callable’
Discriminator: no visible global function definition for
‘create_nn_module_callable’
Generator: no visible global function definition for
‘create_nn_module_callable’
Undefined global functions or variables:
create_nn_module_callable
Flavors: r-devel-linux-x86_64-debian-clang, r-patched-linux-x86_64, r-release-linux-x86_64