Last updated on 2025-10-21 09:48:43 CEST.
Flavor | Version | Tinstall | Tcheck | Ttotal | Status | Flags |
---|---|---|---|---|---|---|
r-devel-linux-x86_64-debian-clang | 1.2.0 | 41.38 | 183.45 | 224.83 | OK | |
r-devel-linux-x86_64-debian-gcc | 1.2.0 | 28.30 | 132.55 | 160.85 | NOTE | |
r-devel-linux-x86_64-fedora-clang | 1.2.0 | 368.22 | OK | |||
r-devel-linux-x86_64-fedora-gcc | 1.2.0 | 345.14 | OK | |||
r-devel-windows-x86_64 | 1.2.0 | 40.00 | 170.00 | 210.00 | OK | |
r-patched-linux-x86_64 | 1.2.0 | 35.49 | 171.17 | 206.66 | OK | |
r-release-linux-x86_64 | 1.2.0 | 37.76 | 171.60 | 209.36 | OK | |
r-release-macos-arm64 | 1.2.0 | 79.00 | OK | |||
r-release-macos-x86_64 | 1.2.0 | 170.00 | OK | |||
r-release-windows-x86_64 | 1.2.0 | 39.00 | 163.00 | 202.00 | OK | |
r-oldrel-macos-arm64 | 1.2.0 | 83.00 | OK | |||
r-oldrel-macos-x86_64 | 1.2.0 | 121.00 | OK | |||
r-oldrel-windows-x86_64 | 1.2.0 | 56.00 | 230.00 | 286.00 | OK |
Version: 1.2.0
Check: HTML version of manual
Result: NOTE
Found the following HTML validation problems:
Fusion.html:100:1 (Fusion.Rd:94): Warning: <h5> anchor "Usage" already defined
Fusion.html:114:1 (Fusion.Rd:103): Warning: <h5> anchor "Usage" already defined
Fusion.html:128:1 (Fusion.Rd:112): Warning: <h5> anchor "Usage" already defined
Fusion.html:144:1 (Fusion.Rd:122): Warning: <h5> anchor "Usage" already defined
Fusion.html:150:1 (Fusion.Rd:126): Warning: <h5> anchor "Arguments" already defined
Flavor: r-devel-linux-x86_64-debian-gcc