CRAN Package Check Results for Package RAMpath

Last updated on 2025-10-21 09:48:42 CEST.

Flavor Version Tinstall Tcheck Ttotal Status Flags
r-devel-linux-x86_64-debian-clang 0.5.1 5.32 47.47 52.79 NOTE
r-devel-linux-x86_64-debian-gcc 0.5.1 3.30 34.28 37.58 NOTE
r-devel-linux-x86_64-fedora-clang 0.5.1 81.81 OK
r-devel-linux-x86_64-fedora-gcc 0.5.1 76.07 OK
r-devel-windows-x86_64 0.5.1 6.00 62.00 68.00 OK
r-patched-linux-x86_64 0.5.1 5.60 45.20 50.80 OK
r-release-linux-x86_64 0.5.1 5.62 44.58 50.20 OK
r-release-macos-arm64 0.5.1 26.00 OK
r-release-macos-x86_64 0.5.1 48.00 OK
r-release-windows-x86_64 0.5.1 6.00 65.00 71.00 OK
r-oldrel-macos-arm64 0.5.1 29.00 OK
r-oldrel-macos-x86_64 0.5.1 38.00 OK
r-oldrel-windows-x86_64 0.5.1 8.00 76.00 84.00 OK

Check Details

Version: 0.5.1
Check: CRAN incoming feasibility
Result: NOTE Maintainer: ‘Zhiyong Zhang <zzhang4@nd.edu>’ No Authors@R field in DESCRIPTION. Please add one, modifying Authors@R: c(person(given = "Zhiyong", family = "Zhang", role = c("aut", "cre"), email = "zzhang4@nd.edu"), person(given = "Jack", family = "McArdle", role = "aut"), person(given = "Aki", family = "Hamagami", role = "aut"), person(given = c("&", "Kevin"), family = "Grimm", role = "aut")) as necessary. Flavors: r-devel-linux-x86_64-debian-clang, r-devel-linux-x86_64-debian-gcc

Version: 0.5.1
Check: HTML version of manual
Result: NOTE Found the following HTML validation problems: ramEffectSE.html:60:1 (ramEffectSE.Rd:21): Warning: missing </ul> before </div> ramFlip.html:49:1 (ramFlip.Rd:16): Warning: missing </ul> before </div> ramIndex.html:48:1 (ramIndex.Rd:15): Warning: missing </ul> before </div> ramMatrix.html:47:1 (ramMatrix.Rd:14): Warning: missing </ul> before </div> ramParseLavaan.html:61:1 (ramParseLavaan.Rd:22): Warning: missing </ul> before </div> ramPathBridge.html:61:1 (ramPathBridge.Rd:22): Warning: missing </ul> before </div> ramRmOne.html:49:1 (ramRmOne.Rd:16): Warning: missing </ul> before </div> ramUniquePath.html:49:1 (ramUniquePath.Rd:16): Warning: missing </ul> before </div> summary.RAMpath.html:78:1 (summary.RAMpath.Rd:30): Warning: missing </ul> before </div> Flavor: r-devel-linux-x86_64-debian-gcc