CRAN Package Check Results for Package QLearning

Last updated on 2025-02-21 09:50:56 CET.

Flavor Version Tinstall Tcheck Ttotal Status Flags
r-devel-linux-x86_64-debian-clang 0.1.1 1.71 40.28 41.99 OK
r-devel-linux-x86_64-debian-gcc 0.1.1 1.32 24.33 25.65 OK
r-devel-linux-x86_64-fedora-clang 0.1.1 67.33 OK
r-devel-linux-x86_64-fedora-gcc 0.1.1 65.31 OK
r-devel-macos-arm64 0.1.1 22.00 OK
r-devel-macos-x86_64 0.1.1 48.00 OK
r-devel-windows-x86_64 0.1.1 3.00 57.00 60.00 OK
r-patched-linux-x86_64 0.1.1 1.66 37.36 39.02 NOTE
r-release-linux-x86_64 0.1.1 1.64 37.69 39.33 NOTE
r-release-macos-arm64 0.1.1 22.00 NOTE
r-release-macos-x86_64 0.1.1 32.00 NOTE
r-release-windows-x86_64 0.1.1 3.00 50.00 53.00 NOTE
r-oldrel-macos-arm64 0.1.1 22.00 NOTE
r-oldrel-macos-x86_64 0.1.1 34.00 NOTE
r-oldrel-windows-x86_64 0.1.1 4.00 59.00 63.00 NOTE

Check Details

Version: 0.1.1
Check: LazyData
Result: NOTE 'LazyData' is specified without a 'data' directory Flavors: r-patched-linux-x86_64, r-release-linux-x86_64, r-release-macos-arm64, r-release-macos-x86_64, r-release-windows-x86_64, r-oldrel-macos-arm64, r-oldrel-macos-x86_64, r-oldrel-windows-x86_64