CRAN Package Check Results for Package PoisNor

Last updated on 2025-07-13 09:49:48 CEST.

Flavor Version Tinstall Tcheck Ttotal Status Flags
r-devel-linux-x86_64-debian-clang 1.3.3 5.55 53.46 59.01 NOTE
r-devel-linux-x86_64-debian-gcc 1.3.3 5.03 40.45 45.48 NOTE
r-devel-linux-x86_64-fedora-clang 1.3.3 88.96 OK
r-devel-linux-x86_64-fedora-gcc 1.3.3 85.75 OK
r-devel-windows-x86_64 1.3.3 7.00 66.00 73.00 OK
r-patched-linux-x86_64 1.3.3 6.47 50.53 57.00 OK
r-release-linux-x86_64 1.3.3 6.16 49.44 55.60 OK
r-release-macos-arm64 1.3.3 31.00 OK
r-release-macos-x86_64 1.3.3 53.00 OK
r-release-windows-x86_64 1.3.3 6.00 69.00 75.00 OK
r-oldrel-macos-arm64 1.3.3 30.00 OK
r-oldrel-macos-x86_64 1.3.3 42.00 OK
r-oldrel-windows-x86_64 1.3.3 9.00 78.00 87.00 OK

Check Details

Version: 1.3.3
Check: CRAN incoming feasibility
Result: NOTE Maintainer: ‘Ran Gao <rgao8@uic.edu>’ No Authors@R field in DESCRIPTION. Please add one, modifying Authors@R: c(person(given = "Anup", family = "Amatya", role = "aut"), person(given = "Hakan", family = "Demirtas", role = "aut"), person(given = "Ran", family = "Gao", role = c("aut", "cre"), email = "rgao8@uic.edu")) as necessary. Flavors: r-devel-linux-x86_64-debian-clang, r-devel-linux-x86_64-debian-gcc