CRAN Package Check Results for Package PetfindeR

Last updated on 2025-10-21 09:48:41 CEST.

Flavor Version Tinstall Tcheck Ttotal Status Flags
r-devel-linux-x86_64-debian-clang 2.1.0 2.55 25.76 28.31 NOTE
r-devel-linux-x86_64-debian-gcc 2.1.0 1.94 21.38 23.32 NOTE
r-devel-linux-x86_64-fedora-clang 2.1.0 42.11 NOTE
r-devel-linux-x86_64-fedora-gcc 2.1.0 53.30 NOTE
r-devel-windows-x86_64 2.1.0 3.00 43.00 46.00 OK
r-patched-linux-x86_64 2.1.0 2.31 23.29 25.60 OK
r-release-linux-x86_64 2.1.0 2.76 23.44 26.20 OK
r-release-macos-arm64 2.1.0 32.00 OK
r-release-macos-x86_64 2.1.0 41.00 OK
r-release-windows-x86_64 2.1.0 4.00 46.00 50.00 OK
r-oldrel-macos-arm64 2.1.0 22.00 NOTE
r-oldrel-macos-x86_64 2.1.0 34.00 NOTE
r-oldrel-windows-x86_64 2.1.0 4.00 50.00 54.00 NOTE

Check Details

Version: 2.1.0
Check: CRAN incoming feasibility
Result: NOTE Maintainer: ‘Aaron Schlegel <aaron@aaronschlegel.me>’ No Authors@R field in DESCRIPTION. Please add one, modifying Authors@R: person(given = "Aaron", family = "Schlegel", role = c("aut", "cre"), email = "aaron@aaronschlegel.me") as necessary. Flavors: r-devel-linux-x86_64-debian-clang, r-devel-linux-x86_64-debian-gcc

Version: 2.1.0
Check: HTML version of manual
Result: NOTE Found the following HTML validation problems: dot-Petfinder.class.html:196:1 (dot-Petfinder.class.Rd:118): Warning: missing </ul> before </div> dot-Petfinder.class.html:80:1 (dot-Petfinder.class.Rd:35): Warning: <h5> anchor "Usage" already defined dot-Petfinder.class.html:94:1 (dot-Petfinder.class.Rd:44): Warning: <h5> anchor "Usage" already defined dot-Petfinder.class.html:108:1 (dot-Petfinder.class.Rd:53): Warning: <h5> anchor "Usage" already defined dot-Petfinder.class.html:145:1 (dot-Petfinder.class.Rd:85): Warning: <h5> anchor "Usage" already defined dot-Petfinder.class.html:173:1 (dot-Petfinder.class.Rd:107): Warning: <h5> anchor "Usage" already defined Flavor: r-devel-linux-x86_64-debian-gcc

Version: 2.1.0
Check: dependencies in R code
Result: NOTE Namespace in Imports field not imported from: ‘R6’ All declared Imports should be used. Flavors: r-devel-linux-x86_64-fedora-clang, r-devel-linux-x86_64-fedora-gcc

Version: 2.1.0
Check: LazyData
Result: NOTE 'LazyData' is specified without a 'data' directory Flavors: r-oldrel-macos-arm64, r-oldrel-macos-x86_64, r-oldrel-windows-x86_64