Last updated on 2025-10-21 09:48:41 CEST.
Flavor | Version | Tinstall | Tcheck | Ttotal | Status | Flags |
---|---|---|---|---|---|---|
r-devel-linux-x86_64-debian-clang | 2025.3.1 | 22.00 | 166.14 | 188.14 | OK | |
r-devel-linux-x86_64-debian-gcc | 2025.3.1 | 16.66 | 114.69 | 131.35 | NOTE | |
r-devel-linux-x86_64-fedora-clang | 2025.3.1 | 296.68 | OK | |||
r-devel-linux-x86_64-fedora-gcc | 2025.3.1 | 284.71 | OK | |||
r-devel-windows-x86_64 | 2025.3.1 | 24.00 | 164.00 | 188.00 | OK | |
r-patched-linux-x86_64 | 2025.3.1 | 22.57 | 157.61 | 180.18 | OK | |
r-release-linux-x86_64 | 2025.3.1 | 22.48 | 158.42 | 180.90 | OK | |
r-release-macos-arm64 | 2025.3.1 | 81.00 | OK | |||
r-release-macos-x86_64 | 2025.3.1 | 155.00 | OK | |||
r-release-windows-x86_64 | 2025.3.1 | 25.00 | 166.00 | 191.00 | OK | |
r-oldrel-macos-arm64 | 2025.3.1 | 81.00 | OK | |||
r-oldrel-macos-x86_64 | 2025.3.1 | 151.00 | OK | |||
r-oldrel-windows-x86_64 | 2025.3.1 | 32.00 | 207.00 | 239.00 | OK |
Version: 2025.3.1
Check: HTML version of manual
Result: NOTE
Found the following HTML validation problems:
data_NorthernPike.html:67:1 (data_NorthernPike.Rd:19): Warning: missing </ul> before </div>
data_NorthernPike_tagloss.html:66:1 (data_NorthernPike_tagloss.Rd:19): Warning: missing </ul> before </div>
data_rodli.html:63:1 (data_rodli.Rd:17): Warning: missing </ul> before </div>
data_spas_harrison.html:59:1 (data_spas_harrison.Rd:19): Warning: missing </ul> before </div>
Flavor: r-devel-linux-x86_64-debian-gcc