Last updated on 2025-10-21 09:48:41 CEST.
Flavor | Version | Tinstall | Tcheck | Ttotal | Status | Flags |
---|---|---|---|---|---|---|
r-devel-linux-x86_64-debian-clang | 0.9.1 | 3.82 | 65.47 | 69.29 | OK | |
r-devel-linux-x86_64-debian-gcc | 0.9.1 | 2.82 | 48.29 | 51.11 | NOTE | |
r-devel-linux-x86_64-fedora-clang | 0.9.1 | 104.33 | OK | |||
r-devel-linux-x86_64-fedora-gcc | 0.9.1 | 112.34 | OK | |||
r-devel-windows-x86_64 | 0.9.1 | 4.00 | 102.00 | 106.00 | OK | |
r-patched-linux-x86_64 | 0.9.1 | 4.11 | 62.16 | 66.27 | OK | |
r-release-linux-x86_64 | 0.9.1 | 3.73 | 62.49 | 66.22 | OK | |
r-release-macos-arm64 | 0.9.1 | 44.00 | OK | |||
r-release-macos-x86_64 | 0.9.1 | 88.00 | OK | |||
r-release-windows-x86_64 | 0.9.1 | 5.00 | 110.00 | 115.00 | OK | |
r-oldrel-macos-arm64 | 0.9.1 | 38.00 | OK | |||
r-oldrel-macos-x86_64 | 0.9.1 | 108.00 | OK | |||
r-oldrel-windows-x86_64 | 0.9.1 | 7.00 | 119.00 | 126.00 | OK |
Version: 0.9.1
Check: HTML version of manual
Result: NOTE
Found the following HTML validation problems:
extract_ranked.html:61:1 (extract_ranked.Rd:15): Warning: missing </ul> before </div>
print.filterMS.html:51:1 (print.filterMS.Rd:12): Warning: missing </ul> before </div>
print.msDat.html:51:1 (print.msDat.Rd:12): Warning: missing </ul> before </div>
print.rankEN.html:51:1 (print.rankEN.Rd:12): Warning: missing </ul> before </div>
summary.binMS.html:54:1 (summary.binMS.Rd:12): Warning: missing </ul> before </div>
summary.filterMS.html:53:1 (summary.filterMS.Rd:12): Warning: missing </ul> before </div>
summary.rankEN.html:60:1 (summary.rankEN.Rd:15): Warning: missing </ul> before </div>
Flavor: r-devel-linux-x86_64-debian-gcc