Last updated on 2025-07-12 09:49:26 CEST.
Flavor | Version | Tinstall | Tcheck | Ttotal | Status | Flags |
---|---|---|---|---|---|---|
r-devel-linux-x86_64-debian-clang | 1.1.0 | 7.31 | 131.65 | 138.96 | OK | |
r-devel-linux-x86_64-debian-gcc | 1.1.0 | 5.27 | 93.16 | 98.43 | OK | |
r-devel-linux-x86_64-fedora-clang | 1.1.0 | 226.38 | OK | |||
r-devel-linux-x86_64-fedora-gcc | 1.1.0 | 219.22 | OK | |||
r-devel-windows-x86_64 | 1.1.0 | 9.00 | 129.00 | 138.00 | OK | |
r-patched-linux-x86_64 | 1.1.0 | 6.48 | 127.27 | 133.75 | OK | |
r-release-linux-x86_64 | 1.1.0 | 6.65 | 123.28 | 129.93 | OK | |
r-release-macos-arm64 | 1.1.0 | 62.00 | OK | |||
r-release-macos-x86_64 | 1.1.0 | 116.00 | OK | |||
r-release-windows-x86_64 | 1.1.0 | 11.00 | 132.00 | 143.00 | OK | |
r-oldrel-macos-arm64 | 1.1.0 | 66.00 | NOTE | |||
r-oldrel-macos-x86_64 | 1.1.0 | 93.00 | NOTE | |||
r-oldrel-windows-x86_64 | 1.1.0 | 13.00 | 165.00 | 178.00 | NOTE |
Version: 1.1.0
Check: installed package size
Result: NOTE
installed size is 12.1Mb
sub-directories of 1Mb or more:
doc 12.0Mb
Flavors: r-oldrel-macos-arm64, r-oldrel-macos-x86_64, r-oldrel-windows-x86_64
Version: 1.1.0
Check: LazyData
Result: NOTE
'LazyData' is specified without a 'data' directory
Flavors: r-oldrel-macos-arm64, r-oldrel-macos-x86_64, r-oldrel-windows-x86_64