CRAN Package Check Results for Package PLNmodels

Last updated on 2025-10-21 09:48:41 CEST.

Flavor Version Tinstall Tcheck Ttotal Status Flags
r-devel-linux-x86_64-debian-clang 1.2.2 178.96 886.27 1065.23 OK
r-devel-linux-x86_64-debian-gcc 1.2.2 119.34 562.59 681.93 NOTE
r-devel-linux-x86_64-fedora-clang 1.2.2 1844.25 OK
r-devel-linux-x86_64-fedora-gcc 1.2.2 1708.25 OK
r-devel-windows-x86_64 1.2.2 194.00 702.00 896.00 OK
r-patched-linux-x86_64 1.2.2 181.96 755.34 937.30 OK
r-release-linux-x86_64 1.2.2 179.03 841.88 1020.91 OK
r-release-macos-arm64 1.2.2 274.00 OK
r-release-macos-x86_64 1.2.2 385.00 OK
r-release-windows-x86_64 1.2.2 195.00 707.00 902.00 OK
r-oldrel-macos-arm64 1.2.2 238.00 NOTE
r-oldrel-macos-x86_64 1.2.2 353.00 NOTE
r-oldrel-windows-x86_64 1.2.2 233.00 954.00 1187.00 NOTE

Check Details

Version: 1.2.2
Check: HTML version of manual
Result: NOTE Found the following HTML validation problems: Networkfamily.html:155:1 (Networkfamily.Rd:87): Warning: <h5> anchor "Usage" already defined Networkfamily.html:161:1 (Networkfamily.Rd:91): Warning: <h5> anchor "Arguments" already defined Networkfamily.html:186:1 (Networkfamily.Rd:106): Warning: <h5> anchor "Usage" already defined Networkfamily.html:192:1 (Networkfamily.Rd:110): Warning: <h5> anchor "Arguments" already defined Networkfamily.html:217:1 (Networkfamily.Rd:125): Warning: <h5> anchor "Usage" already defined Networkfamily.html:223:1 (Networkfamily.Rd:129): Warning: <h5> anchor "Arguments" already defined Networkfamily.html:255:1 (Networkfamily.Rd:148): Warning: <h5> anchor "Usage" already defined Networkfamily.html:265:1 (Networkfamily.Rd:156): Warning: <h5> anchor "Arguments" already defined Networkfamily.html:284:1 (Networkfamily.Rd:169): Warning: <h5> anchor "Returns" already defined Networkfamily.html:301:1 (Networkfamily.Rd:178): Warning: <h5> anchor "Usage" already defined Networkfamily.html:307:1 (Networkfamily.Rd:182): Warning: <h5> anchor "Arguments" already defined Networkfamily.html:322:1 (Networkfamily.Rd:191): Warning: <h5> anchor "Returns" already defined Networkfamily.html:339:1 (Networkfamily.Rd:200): Warning: <h5> anchor "Usage" already defined Networkfamily.html:345:1 (Networkfamily.Rd:204): Warning: <h5> anchor "Returns" already defined Networkfamily.html:362:1 (Networkfamily.Rd:213): Warning: <h5> anchor "Usage" already defined Networkfamily.html:378:1 (Networkfamily.Rd:223): Warning: <h5> anchor "Usage" already defined Networkfamily.html:384:1 (Networkfamily.Rd:227): Warning: <h5> anchor "Arguments" already defined PLNLDAfit.html:172:1 (PLNLDAfit.Rd:115): Warning: <h5> anchor "Usage" already defined PLNLDAfit.html:178:1 (PLNLDAfit.Rd:119): Warning: <h5> anchor "Arguments" already defined PLNLDAfit.html:213:1 (PLNLDAfit.Rd:144): Warning: <h5> anchor "Usage" already defined PLNLDAfit.html:226:1 (PLNLDAfit.Rd:155): Warning: <h5> anchor "Arguments" already defined PLNLDAfit.html:259:1 (PLNLDAfit.Rd:178): Warning: <h5> anchor "Usage" already defined PLNLDAfit.html:265:1 (PLNLDAfit.Rd:182): Warning: <h5> anchor "Arguments" already defined PLNLDAfit.html:288:1 (PLNLDAfit.Rd:195): Warning: <h5> anchor "Usage" already defined PLNLDAfit.html:298:1 (PLNLDAfit.Rd:203): Warning: <h5> anchor "Arguments" already defined PLNLDAfit.html:332:1 (PLNLDAfit.Rd:223): Warning: <h5> anchor "Usage" already defined PLNLDAfit.html:343:1 (PLNLDAfit.Rd:232): Warning: <h5> anchor "Arguments" already defined PLNLDAfit.html:362:1 (PLNLDAfit.Rd:245): Warning: <h5> anchor "Returns" already defined PLNLDAfit.html:379:1 (PLNLDAfit.Rd:254): Warning: <h5> anchor "Usage" already defined PLNLDAfit.html:389:1 (PLNLDAfit.Rd:262): Warning: <h5> anchor "Arguments" already defined PLNLDAfit.html:406:1 (PLNLDAfit.Rd:273): Warning: <h5> anchor "Returns" already defined PLNLDAfit.html:423:1 (PLNLDAfit.Rd:282): Warning: <h5> anchor "Usage" already defined PLNLDAfit.html:436:1 (PLNLDAfit.Rd:293): Warning: <h5> anchor "Arguments" already defined PLNLDAfit.html:469:1 (PLNLDAfit.Rd:316): Warning: <h5> anchor "Usage" already defined PLNLDAfit.html:485:1 (PLNLDAfit.Rd:326): Warning: <h5> anchor "Usage" already defined PLNLDAfit.html:491:1 (PLNLDAfit.Rd:330): Warning: <h5> anchor "Arguments" already defined PLNLDAfit_diagonal.html:145:1 (PLNLDAfit_diagonal.Rd:101): Warning: <h5> anchor "Usage" already defined PLNLDAfit_diagonal.html:151:1 (PLNLDAfit_diagonal.Rd:105): Warning: <h5> anchor "Arguments" already defined PLNPCAfamily.html:148:1 (PLNPCAfamily.Rd:94): Warning: <h5> anchor "Usage" already defined PLNPCAfamily.html:154:1 (PLNPCAfamily.Rd:98): Warning: <h5> anchor "Arguments" already defined PLNPCAfamily.html:177:1 (PLNPCAfamily.Rd:111): Warning: <h5> anchor "Usage" already defined PLNPCAfamily.html:183:1 (PLNPCAfamily.Rd:115): Warning: <h5> anchor "Arguments" already defined PLNPCAfamily.html:215:1 (PLNPCAfamily.Rd:133): Warning: <h5> anchor "Usage" already defined PLNPCAfamily.html:221:1 (PLNPCAfamily.Rd:137): Warning: <h5> anchor "Arguments" already defined PLNPCAfamily.html:235:1 (PLNPCAfamily.Rd:145): Warning: <h5> anchor "Returns" already defined PLNPCAfamily.html:252:1 (PLNPCAfamily.Rd:154): Warning: <h5> anchor "Usage" already defined PLNPCAfamily.html:258:1 (PLNPCAfamily.Rd:158): Warning: <h5> anchor "Arguments" already defined PLNPCAfamily.html:275:1 (PLNPCAfamily.Rd:169): Warning: <h5> anchor "Returns" already defined PLNPCAfamily.html:292:1 (PLNPCAfamily.Rd:178): Warning: <h5> anchor "Usage" already defined PLNPCAfamily.html:308:1 (PLNPCAfamily.Rd:188): Warning: <h5> anchor "Usage" already defined PLNPCAfamily.html:314:1 (PLNPCAfamily.Rd:192): Warning: <h5> anchor "Arguments" already defined PLNPCAfit.html:180:1 (PLNPCAfit.Rd:118): Warning: <h5> anchor "Usage" already defined PLNPCAfit.html:198:1 (PLNPCAfit.Rd:134): Warning: <h5> anchor "Arguments" already defined PLNPCAfit.html:248:1 (PLNPCAfit.Rd:170): Warning: <h5> anchor "Usage" already defined PLNPCAfit.html:254:1 (PLNPCAfit.Rd:174): Warning: <h5> anchor "Arguments" already defined PLNPCAfit.html:285:1 (PLNPCAfit.Rd:195): Warning: <h5> anchor "Usage" already defined PLNPCAfit.html:297:1 (PLNPCAfit.Rd:205): Warning: <h5> anchor "Arguments" already defined PLNPCAfit.html:318:1 (PLNPCAfit.Rd:220): Warning: <h5> anchor "Returns" already defined PLNPCAfit.html:347:1 (PLNPCAfit.Rd:234): Warning: <h5> anchor "Usage" already defined PLNPCAfit.html:353:1 (PLNPCAfit.Rd:238): Warning: <h5> anchor "Arguments" already defined PLNPCAfit.html:370:1 (PLNPCAfit.Rd:249): Warning: <h5> anchor "Returns" already defined PLNPCAfit.html:391:1 (PLNPCAfit.Rd:260): Warning: <h5> anchor "Usage" already defined PLNPCAfit.html:397:1 (PLNPCAfit.Rd:264): Warning: <h5> anchor "Arguments" already defined PLNPCAfit.html:420:1 (PLNPCAfit.Rd:277): Warning: <h5> anchor "Usage" already defined PLNPCAfit.html:434:1 (PLNPCAfit.Rd:289): Warning: <h5> anchor "Arguments" already defined PLNPCAfit.html:494:1 (PLNPCAfit.Rd:325): Warning: <h5> anchor "Usage" already defined PLNPCAfit.html:505:1 (PLNPCAfit.Rd:334): Warning: <h5> anchor "Arguments" already defined PLNPCAfit.html:524:1 (PLNPCAfit.Rd:347): Warning: <h5> anchor "Returns" already defined PLNPCAfit.html:541:1 (PLNPCAfit.Rd:356): Warning: <h5> anchor "Usage" already defined PLNPCAfit.html:552:1 (PLNPCAfit.Rd:365): Warning: <h5> anchor "Arguments" already defined PLNPCAfit.html:571:1 (PLNPCAfit.Rd:378): Warning: <h5> anchor "Returns" already defined PLNPCAfit.html:588:1 (PLNPCAfit.Rd:387): Warning: <h5> anchor "Usage" already defined PLNPCAfit.html:599:1 (PLNPCAfit.Rd:396): Warning: <h5> anchor "Arguments" already defined PLNPCAfit.html:618:1 (PLNPCAfit.Rd:409): Warning: <h5> anchor "Returns" already defined PLNPCAfit.html:635:1 (PLNPCAfit.Rd:418): Warning: <h5> anchor "Usage" already defined PLNPCAfit.html:651:1 (PLNPCAfit.Rd:428): Warning: <h5> anchor "Usage" already defined PLNPCAfit.html:657:1 (PLNPCAfit.Rd:432): Warning: <h5> anchor "Arguments" already defined PLNfamily.html:150:1 (PLNfamily.Rd:84): Warning: <h5> anchor "Usage" already defined PLNfamily.html:156:1 (PLNfamily.Rd:88): Warning: <h5> anchor "Arguments" already defined PLNfamily.html:181:1 (PLNfamily.Rd:103): Warning: <h5> anchor "Usage" already defined PLNfamily.html:187:1 (PLNfamily.Rd:107): Warning: <h5> anchor "Arguments" already defined PLNfamily.html:202:1 (PLNfamily.Rd:116): Warning: <h5> anchor "Returns" already defined PLNfamily.html:219:1 (PLNfamily.Rd:125): Warning: <h5> anchor "Usage" already defined PLNfamily.html:225:1 (PLNfamily.Rd:129): Warning: <h5> anchor "Arguments" already defined PLNfamily.html:242:1 (PLNfamily.Rd:140): Warning: <h5> anchor "Returns" already defined PLNfamily.html:259:1 (PLNfamily.Rd:149): Warning: <h5> anchor "Usage" already defined PLNfamily.html:275:1 (PLNfamily.Rd:159): Warning: <h5> anchor "Usage" already defined PLNfamily.html:291:1 (PLNfamily.Rd:169): Warning: <h5> anchor "Usage" already defined PLNfamily.html:297:1 (PLNfamily.Rd:173): Warning: <h5> anchor "Arguments" already defined PLNfit.html:175:1 (PLNfit.Rd:118): Warning: <h5> anchor "Usage" already defined PLNfit.html:192:1 (PLNfit.Rd:133): Warning: <h5> anchor "Arguments" already defined PLNfit.html:240:1 (PLNfit.Rd:167): Warning: <h5> anchor "Usage" already defined PLNfit.html:246:1 (PLNfit.Rd:171): Warning: <h5> anchor "Arguments" already defined PLNfit.html:277:1 (PLNfit.Rd:192): Warning: <h5> anchor "Usage" already defined PLNfit.html:291:1 (PLNfit.Rd:204): Warning: <h5> anchor "Arguments" already defined PLNfit.html:318:1 (PLNfit.Rd:225): Warning: <h5> anchor "Returns" already defined PLNfit.html:347:1 (PLNfit.Rd:239): Warning: <h5> anchor "Usage" already defined PLNfit.html:361:1 (PLNfit.Rd:251): Warning: <h5> anchor "Arguments" already defined PLNfit.html:421:1 (PLNfit.Rd:287): Warning: <h5> anchor "Usage" already defined PLNfit.html:433:1 (PLNfit.Rd:297): Warning: <h5> anchor "Arguments" already defined PLNfit.html:454:1 (PLNfit.Rd:312): Warning: <h5> anchor "Details" already defined PLNfit.html:462:1 (PLNfit.Rd:317): Warning: <h5> anchor "Returns" already defined PLNfit.html:479:1 (PLNfit.Rd:326): Warning: <h5> anchor "Usage" already defined PLNfit.html:491:1 (PLNfit.Rd:336): Warning: <h5> anchor "Arguments" already defined PLNfit.html:512:1 (PLNfit.Rd:351): Warning: <h5> anchor "Returns" already defined PLNfit.html:529:1 (PLNfit.Rd:360): Warning: <h5> anchor "Usage" already defined PLNfit.html:538:1 (PLNfit.Rd:367): Warning: <h5> anchor "Arguments" already defined PLNfit.html:561:1 (PLNfit.Rd:380): Warning: <h5> anchor "Usage" already defined PLNfit.html:577:1 (PLNfit.Rd:390): Warning: <h5> anchor "Usage" already defined PLNfit.html:583:1 (PLNfit.Rd:394): Warning: <h5> anchor "Arguments" already defined PLNfit_diagonal.html:131:1 (PLNfit_diagonal.Rd:95): Warning: <h5> anchor "Usage" already defined PLNfit_diagonal.html:137:1 (PLNfit_diagonal.Rd:99): Warning: <h5> anchor "Arguments" already defined PLNfit_diagonal.html:157:1 (PLNfit_diagonal.Rd:111): Warning: <h3> anchor "Active-bindings" already defined PLNfit_diagonal.html:171:1 (PLNfit_diagonal.Rd:120): Warning: <h3> anchor "Methods" already defined PLNfit_diagonal.html:175:1 (PLNfit_diagonal.Rd:121): Warning: <h4> anchor "Public-methods" already defined PLNfit_diagonal.html:210:1 (PLNfit_diagonal.Rd:148): Warning: <h4> anchor "Method-+E2+80+98new+28+29+E2+80+99" already defined PLNfit_diagonal.html:216:1 (PLNfit_diagonal.Rd:150): Warning: <h5> anchor "Usage" already defined PLNfit_diagonal.html:230:1 (PLNfit_diagonal.Rd:162): Warning: <h5> anchor "Arguments" already defined PLNfit_diagonal.html:259:1 (PLNfit_diagonal.Rd:185): Warning: <h4> anchor "Method-+E2+80+98clone+28+29+E2+80+99" already defined PLNfit_diagonal.html:265:1 (PLNfit_diagonal.Rd:187): Warning: <h5> anchor "Usage" already defined PLNfit_diagonal.html:271:1 (PLNfit_diagonal.Rd:191): Warning: <h5> anchor "Arguments" already defined PLNfit_fixedcov.html:133:1 (PLNfit_fixedcov.Rd:87): Warning: <h5> anchor "Usage" already defined PLNfit_fixedcov.html:139:1 (PLNfit_fixedcov.Rd:91): Warning: <h5> anchor "Arguments" already defined PLNfit_fixedcov.html:170:1 (PLNfit_fixedcov.Rd:112): Warning: <h5> anchor "Usage" already defined PLNfit_fixedcov.html:176:1 (PLNfit_fixedcov.Rd:116): Warning: <h5> anchor "Arguments" already defined PLNfit_spherical.html:129:1 (PLNfit_spherical.Rd:85): Warning: <h5> anchor "Usage" already defined PLNfit_spherical.html:135:1 (PLNfit_spherical.Rd:89): Warning: <h5> anchor "Arguments" already defined PLNmixturefamily.html:154:1 (PLNmixturefamily.Rd:91): Warning: <h5> anchor "Usage" already defined PLNmixturefamily.html:160:1 (PLNmixturefamily.Rd:95): Warning: <h5> anchor "Arguments" already defined PLNmixturefamily.html:183:1 (PLNmixturefamily.Rd:108): Warning: <h5> anchor "Usage" already defined PLNmixturefamily.html:189:1 (PLNmixturefamily.Rd:112): Warning: <h5> anchor "Arguments" already defined PLNmixturefamily.html:212:1 (PLNmixturefamily.Rd:125): Warning: <h5> anchor "Usage" already defined PLNmixturefamily.html:218:1 (PLNmixturefamily.Rd:129): Warning: <h5> anchor "Arguments" already defined PLNmixturefamily.html:252:1 (PLNmixturefamily.Rd:149): Warning: <h5> anchor "Usage" already defined PLNmixturefamily.html:258:1 (PLNmixturefamily.Rd:153): Warning: <h5> anchor "Returns" already defined PLNmixturefamily.html:275:1 (PLNmixturefamily.Rd:162): Warning: <h5> anchor "Usage" already defined PLNmixturefamily.html:281:1 (PLNmixturefamily.Rd:166): Warning: <h5> anchor "Arguments" already defined PLNmixturefamily.html:295:1 (PLNmixturefamily.Rd:174): Warning: <h5> anchor "Returns" already defined PLNmixturefamily.html:312:1 (PLNmixturefamily.Rd:183): Warning: <h5> anchor "Usage" already defined PLNmixturefamily.html:328:1 (PLNmixturefamily.Rd:193): Warning: <h5> anchor "Usage" already defined PLNmixturefamily.html:344:1 (PLNmixturefamily.Rd:203): Warning: <h5> anchor "Usage" already defined PLNmixturefamily.html:350:1 (PLNmixturefamily.Rd:207): Warning: <h5> anchor "Arguments" already defined PLNmixturefit.html:187:1 (PLNmixturefit.Rd:127): Warning: <h5> anchor "Usage" already defined PLNmixturefit.html:193:1 (PLNmixturefit.Rd:131): Warning: <h5> anchor "Arguments" already defined PLNmixturefit.html:222:1 (PLNmixturefit.Rd:150): Warning: <h5> anchor "Usage" already defined PLNmixturefit.html:234:1 (PLNmixturefit.Rd:160): Warning: <h5> anchor "Arguments" already defined PLNmixturefit.html:268:1 (PLNmixturefit.Rd:184): Warning: <h5> anchor "Usage" already defined PLNmixturefit.html:278:1 (PLNmixturefit.Rd:192): Warning: <h5> anchor "Arguments" already defined PLNmixturefit.html:312:1 (PLNmixturefit.Rd:212): Warning: <h5> anchor "Usage" already defined PLNmixturefit.html:321:1 (PLNmixturefit.Rd:219): Warning: <h5> anchor "Arguments" already defined PLNmixturefit.html:336:1 (PLNmixturefit.Rd:228): Warning: <h5> anchor "Returns" already defined PLNmixturefit.html:353:1 (PLNmixturefit.Rd:237): Warning: <h5> anchor "Usage" already defined PLNmixturefit.html:367:1 (PLNmixturefit.Rd:249): Warning: <h5> anchor "Arguments" already defined PLNmixturefit.html:402:1 (PLNmixturefit.Rd:274): Warning: <h5> anchor "Usage" already defined PLNmixturefit.html:418:1 (PLNmixturefit.Rd:284): Warning: <h5> anchor "Usage" already defined PLNmixturefit.html:434:1 (PLNmixturefit.Rd:294): Warning: <h5> anchor "Usage" already defined PLNmixturefit.html:440:1 (PLNmixturefit.Rd:298): Warning: <h5> anchor "Arguments" already defined PLNnetworkfamily.html:125:1 (PLNnetworkfamily.Rd:80): Warning: <h5> anchor "Usage" already defined PLNnetworkfamily.html:134:1 (PLNnetworkfamily.Rd:87): Warning: <h5> anchor "Arguments" already defined PLNnetworkfamily.html:159:1 (PLNnetworkfamily.Rd:102): Warning: <h5> anchor "Usage" already defined PLNnetworkfamily.html:165:1 (PLNnetworkfamily.Rd:106): Warning: <h5> anchor "Arguments" already defined PLNnetworkfit.html:145:1 (PLNnetworkfit.Rd:97): Warning: <h5> anchor "Usage" already defined PLNnetworkfit.html:151:1 (PLNnetworkfit.Rd:101): Warning: <h5> anchor "Arguments" already defined PLNnetworkfit.html:176:1 (PLNnetworkfit.Rd:116): Warning: <h5> anchor "Usage" already defined PLNnetworkfit.html:182:1 (PLNnetworkfit.Rd:120): Warning: <h5> anchor "Arguments" already defined PLNnetworkfit.html:212:1 (PLNnetworkfit.Rd:136): Warning: <h5> anchor "Usage" already defined PLNnetworkfit.html:226:1 (PLNnetworkfit.Rd:148): Warning: <h5> anchor "Arguments" already defined PLNnetworkfit.html:261:1 (PLNnetworkfit.Rd:173): Warning: <h5> anchor "Usage" already defined PLNnetworkfit.html:277:1 (PLNnetworkfit.Rd:183): Warning: <h5> anchor "Usage" already defined PLNnetworkfit.html:283:1 (PLNnetworkfit.Rd:187): Warning: <h5> anchor "Arguments" already defined ZIPLNfit.html:214:1 (ZIPLNfit.Rd:156): Warning: <h5> anchor "Usage" already defined ZIPLNfit.html:220:1 (ZIPLNfit.Rd:160): Warning: <h5> anchor "Arguments" already defined ZIPLNfit.html:245:1 (ZIPLNfit.Rd:175): Warning: <h5> anchor "Usage" already defined ZIPLNfit.html:251:1 (ZIPLNfit.Rd:179): Warning: <h5> anchor "Arguments" already defined ZIPLNfit.html:276:1 (ZIPLNfit.Rd:194): Warning: <h5> anchor "Usage" already defined ZIPLNfit.html:288:1 (ZIPLNfit.Rd:204): Warning: <h5> anchor "Arguments" already defined ZIPLNfit.html:309:1 (ZIPLNfit.Rd:219): Warning: <h5> anchor "Returns" already defined ZIPLNfit.html:344:1 (ZIPLNfit.Rd:235): Warning: <h5> anchor "Usage" already defined ZIPLNfit.html:356:1 (ZIPLNfit.Rd:245): Warning: <h5> anchor "Arguments" already defined ZIPLNfit.html:377:1 (ZIPLNfit.Rd:260): Warning: <h5> anchor "Returns" already defined ZIPLNfit.html:394:1 (ZIPLNfit.Rd:269): Warning: <h5> anchor "Usage" already defined ZIPLNfit.html:403:1 (ZIPLNfit.Rd:276): Warning: <h5> anchor "Arguments" already defined ZIPLNfit.html:426:1 (ZIPLNfit.Rd:289): Warning: <h5> anchor "Usage" already defined ZIPLNfit.html:442:1 (ZIPLNfit.Rd:299): Warning: <h5> anchor "Usage" already defined ZIPLNfit.html:448:1 (ZIPLNfit.Rd:303): Warning: <h5> anchor "Arguments" already defined ZIPLNfit_diagonal.html:119:1 (ZIPLNfit_diagonal.Rd:76): Warning: <h5> anchor "Usage" already defined ZIPLNfit_diagonal.html:125:1 (ZIPLNfit_diagonal.Rd:80): Warning: <h5> anchor "Arguments" already defined ZIPLNfit_fixed.html:119:1 (ZIPLNfit_fixed.Rd:77): Warning: <h5> anchor "Usage" already defined ZIPLNfit_fixed.html:125:1 (ZIPLNfit_fixed.Rd:81): Warning: <h5> anchor "Arguments" already defined ZIPLNfit_sparse.html:139:1 (ZIPLNfit_sparse.Rd:93): Warning: <h5> anchor "Usage" already defined ZIPLNfit_sparse.html:145:1 (ZIPLNfit_sparse.Rd:97): Warning: <h5> anchor "Arguments" already defined ZIPLNfit_sparse.html:175:1 (ZIPLNfit_sparse.Rd:113): Warning: <h5> anchor "Usage" already defined ZIPLNfit_sparse.html:189:1 (ZIPLNfit_sparse.Rd:125): Warning: <h5> anchor "Arguments" already defined ZIPLNfit_sparse.html:224:1 (ZIPLNfit_sparse.Rd:150): Warning: <h5> anchor "Usage" already defined ZIPLNfit_sparse.html:230:1 (ZIPLNfit_sparse.Rd:154): Warning: <h5> anchor "Arguments" already defined ZIPLNfit_spherical.html:119:1 (ZIPLNfit_spherical.Rd:76): Warning: <h5> anchor "Usage" already defined ZIPLNfit_spherical.html:125:1 (ZIPLNfit_spherical.Rd:80): Warning: <h5> anchor "Arguments" already defined ZIPLNnetworkfamily.html:135:1 (ZIPLNnetworkfamily.Rd:85): Warning: <h5> anchor "Usage" already defined ZIPLNnetworkfamily.html:144:1 (ZIPLNnetworkfamily.Rd:92): Warning: <h5> anchor "Arguments" already defined ZIPLNnetworkfamily.html:169:1 (ZIPLNnetworkfamily.Rd:107): Warning: <h5> anchor "Usage" already defined ZIPLNnetworkfamily.html:175:1 (ZIPLNnetworkfamily.Rd:111): Warning: <h5> anchor "Arguments" already defined Flavor: r-devel-linux-x86_64-debian-gcc

Version: 1.2.2
Check: installed package size
Result: NOTE installed size is 18.5Mb sub-directories of 1Mb or more: data 1.4Mb doc 2.4Mb libs 12.9Mb Flavors: r-oldrel-macos-arm64, r-oldrel-macos-x86_64, r-oldrel-windows-x86_64