Last updated on 2025-10-21 09:48:41 CEST.
Flavor | Version | Tinstall | Tcheck | Ttotal | Status | Flags |
---|---|---|---|---|---|---|
r-devel-linux-x86_64-debian-clang | 1.4.1 | 56.36 | 472.41 | 528.77 | OK | |
r-devel-linux-x86_64-debian-gcc | 1.4.1 | 40.93 | 338.31 | 379.24 | NOTE | |
r-devel-linux-x86_64-fedora-clang | 1.4.1 | 955.91 | NOTE | |||
r-devel-linux-x86_64-fedora-gcc | 1.4.1 | 974.85 | NOTE | |||
r-devel-windows-x86_64 | 1.4.1 | 66.00 | 585.00 | 651.00 | OK | |
r-patched-linux-x86_64 | 1.4.1 | 61.77 | 505.78 | 567.55 | OK | |
r-release-linux-x86_64 | 1.4.1 | 57.91 | 500.98 | 558.89 | OK | |
r-release-macos-arm64 | 1.4.1 | 209.00 | OK | |||
r-release-macos-x86_64 | 1.4.1 | 412.00 | OK | |||
r-release-windows-x86_64 | 1.4.1 | 71.00 | 592.00 | 663.00 | OK | |
r-oldrel-macos-arm64 | 1.4.1 | 217.00 | OK | |||
r-oldrel-macos-x86_64 | 1.4.1 | 436.00 | OK | |||
r-oldrel-windows-x86_64 | 1.4.1 | 83.00 | 714.00 | 797.00 | OK |
Version: 1.4.1
Check: HTML version of manual
Result: NOTE
Found the following HTML validation problems:
analytical_eqn_wrapper.html:54:1 (analytical_eqn_wrapper.Rd:14): Warning: missing </ul> before </div>
calc_dydP.html:58:1 (calc_dydP.Rd:16): Warning: missing </ul> before </div>
check_iov_specification.html:57:1 (check_iov_specification.Rd:14): Warning: missing </ul> before </div>
check_mixture_model.html:50:1 (check_mixture_model.Rd:12): Warning: missing </ul> before </div>
check_obs_input.html:48:1 (check_obs_input.Rd:12): Warning: missing </ul> before </div>
create_event_table.html:88:1 (create_event_table.Rd:36): Warning: missing </ul> before </div>
get_fixed_parameters.html:49:1 (get_fixed_parameters.Rd:10): Warning: missing </ul> before </div>
get_t_obs_from_regimen.html:73:1 (get_t_obs_from_regimen.Rd:27): Warning: missing </ul> before </div>
is_newer_package.html:52:1 (is_newer_package.Rd:13): Warning: missing </ul> before </div>
lower_triangle_mat_size.html:46:1 (lower_triangle_mat_size.Rd:10): Warning: missing </ul> before </div>
parse_obs_types.html:54:1 (parse_obs_types.Rd:16): Warning: missing </ul> before </div>
shift_state_indices.html:52:1 (shift_state_indices.Rd:13): Warning: missing </ul> before </div>
Flavor: r-devel-linux-x86_64-debian-gcc
Version: 1.4.1
Check: dependencies in R code
Result: NOTE
Namespace in Imports field not imported from: ‘BH’
All declared Imports should be used.
Flavors: r-devel-linux-x86_64-fedora-clang, r-devel-linux-x86_64-fedora-gcc