CRAN Package Check Results for Package PHInfiniteEstimates

Last updated on 2025-10-21 09:48:41 CEST.

Flavor Version Tinstall Tcheck Ttotal Status Flags
r-devel-linux-x86_64-debian-clang 2.9.5 10.54 100.64 111.18 NOTE
r-devel-linux-x86_64-debian-gcc 2.9.5 9.14 70.05 79.19 NOTE
r-devel-linux-x86_64-fedora-clang 2.9.5 172.62 OK
r-devel-linux-x86_64-fedora-gcc 2.9.5 163.02 OK
r-devel-windows-x86_64 2.9.5 13.00 104.00 117.00 OK
r-patched-linux-x86_64 2.9.5 12.77 95.83 108.60 OK
r-release-linux-x86_64 2.9.5 10.82 94.95 105.77 OK
r-release-macos-arm64 2.9.5 45.00 OK
r-release-macos-x86_64 2.9.5 84.00 OK
r-release-windows-x86_64 2.9.5 14.00 105.00 119.00 OK
r-oldrel-macos-arm64 2.9.5 40.00 OK
r-oldrel-macos-x86_64 2.9.5 66.00 OK
r-oldrel-windows-x86_64 2.9.5 20.00 138.00 158.00 OK

Check Details

Version: 2.9.5
Check: CRAN incoming feasibility
Result: NOTE Maintainer: ‘John E. Kolassa <kolassa@stat.rutgers.edu>’ No Authors@R field in DESCRIPTION. Please add one, modifying Authors@R: c(person(given = c("John", "E."), family = "Kolassa", role = c("aut", "cre"), email = "kolassa@stat.rutgers.edu"), person(given = "Juan", family = "Zhang", role = "aut")) as necessary. Flavors: r-devel-linux-x86_64-debian-clang, r-devel-linux-x86_64-debian-gcc

Version: 2.9.5
Check: HTML version of manual
Result: NOTE Found the following HTML validation problems: andersenplot.html:46:1 (andersenplot.Rd:10): Warning: missing </ul> before </div> arjasplot.html:70:1 (arjasplot.Rd:22): Warning: missing </ul> before </div> compete.simulation.html:54:1 (compete.simulation.Rd:14): Warning: missing </ul> before </div> Flavor: r-devel-linux-x86_64-debian-gcc