Last updated on 2025-10-21 09:48:41 CEST.
Flavor | Version | Tinstall | Tcheck | Ttotal | Status | Flags |
---|---|---|---|---|---|---|
r-devel-linux-x86_64-debian-clang | 7.0 | 16.12 | 157.58 | 173.70 | OK | |
r-devel-linux-x86_64-debian-gcc | 7.0 | 11.46 | 115.04 | 126.50 | NOTE | |
r-devel-linux-x86_64-fedora-clang | 7.0 | 268.21 | OK | |||
r-devel-linux-x86_64-fedora-gcc | 7.0 | 258.91 | OK | |||
r-devel-windows-x86_64 | 7.0 | 18.00 | 161.00 | 179.00 | OK | |
r-patched-linux-x86_64 | 7.0 | 14.48 | 147.28 | 161.76 | OK | |
r-release-linux-x86_64 | 7.0 | 15.07 | 149.01 | 164.08 | OK | |
r-release-macos-arm64 | 7.0 | 69.00 | OK | |||
r-release-macos-x86_64 | 7.0 | 154.00 | OK | |||
r-release-windows-x86_64 | 7.0 | 19.00 | 160.00 | 179.00 | OK | |
r-oldrel-macos-arm64 | 7.0 | 73.00 | OK | |||
r-oldrel-macos-x86_64 | 7.0 | 142.00 | OK | |||
r-oldrel-windows-x86_64 | 7.0 | 24.00 | 204.00 | 228.00 | OK |
Version: 7.0
Check: HTML version of manual
Result: NOTE
Found the following HTML validation problems:
Administration.html:69:1 (Administration.Rd:24): Warning: missing </ul> before </div>
AdministrationConstraints.html:51:1 (AdministrationConstraints.Rd:12): Warning: missing </ul> before </div>
Arm.html:98:1 (Arm.Rd:42): Warning: missing </ul> before </div>
BayesianFim.html:78:1 (BayesianFim.Rd:30): Warning: missing </ul> before </div>
Combined1.html:83:1 (Combined1.Rd:33): Warning: missing </ul> before </div>
Constant.html:83:1 (Constant.Rd:33): Warning: missing </ul> before </div>
Distribution.html:54:1 (Distribution.Rd:14): Warning: missing </ul> before </div>
Evaluation.html:93:1 (Evaluation.Rd:39): Warning: missing </ul> before </div>
FedorovWynnAlgorithm.html:138:1 (FedorovWynnAlgorithm.Rd:66): Warning: missing </ul> before </div>
Fim.html:78:1 (Fim.Rd:30): Warning: missing </ul> before </div>
IndividualFim.html:78:1 (IndividualFim.Rd:30): Warning: missing </ul> before </div>
LibraryOfModels.html:46:1 (LibraryOfModels.Rd:10): Warning: missing </ul> before </div>
LogNormal.html:54:1 (LogNormal.Rd:14): Warning: missing </ul> before </div>
Model.html:123:1 (Model.Rd:57): Warning: missing </ul> before </div>
ModelAnalytic.html:143:1 (ModelAnalytic.Rd:69): Warning: missing </ul> before </div>
ModelAnalyticInfusion.html:143:1 (ModelAnalyticInfusion.Rd:69): Warning: missing </ul> before </div>
ModelInfusion.html:123:1 (ModelInfusion.Rd:57): Warning: missing </ul> before </div>
ModelODE.html:123:1 (ModelODE.Rd:57): Warning: missing </ul> before </div>
ModelODEBolus.html:138:1 (ModelODEBolus.Rd:66): Warning: missing </ul> before </div>
ModelODEDoseInEquations.html:133:1 (ModelODEDoseInEquations.Rd:63): Warning: missing </ul> before </div>
ModelODEDoseNotInEquations.html:138:1 (ModelODEDoseNotInEquations.Rd:66): Warning: missing </ul> before </div>
ModelODEInfusion.html:123:1 (ModelODEInfusion.Rd:57): Warning: missing </ul> before </div>
ModelODEInfusionDoseInEquation.html:138:1 (ModelODEInfusionDoseInEquation.Rd:66): Warning: missing </ul> before </div>
MultiplicativeAlgorithm.html:143:1 (MultiplicativeAlgorithm.Rd:69): Warning: missing </ul> before </div>
Normal.html:54:1 (Normal.Rd:14): Warning: missing </ul> before </div>
Optimization.html:113:1 (Optimization.Rd:51): Warning: missing </ul> before </div>
PFIMProject.html:103:1 (PFIMProject.Rd:45): Warning: missing </ul> before </div>
PGBOAlgorithm.html:143:1 (PGBOAlgorithm.Rd:69): Warning: missing </ul> before </div>
PSOAlgorithm.html:143:1 (PSOAlgorithm.Rd:69): Warning: missing </ul> before </div>
PopulationFim.html:78:1 (PopulationFim.Rd:30): Warning: missing </ul> before </div>
Proportional.html:83:1 (Proportional.Rd:33): Warning: missing </ul> before </div>
SamplingTimeConstraints.html:78:1 (SamplingTimeConstraints.Rd:30): Warning: missing </ul> before </div>
SamplingTimes.html:50:1 (SamplingTimes.Rd:12): Warning: missing </ul> before </div>
SimplexAlgorithm.html:138:1 (SimplexAlgorithm.Rd:66): Warning: missing </ul> before </div>
convertPKModelAnalyticToPKModelODE.html:44:1 (convertPKModelAnalyticToPKModelODE.Rd:8): Warning: missing </ul> before </div>
definePKModel.html:58:1 (definePKModel.Rd:12): Warning: missing </ul> before </div>
definePKPDModel.html:58:1 (definePKPDModel.Rd:11): Warning: missing </ul> before </div>
Flavor: r-devel-linux-x86_64-debian-gcc