Last updated on 2025-07-12 09:49:26 CEST.
Flavor | Version | Tinstall | Tcheck | Ttotal | Status | Flags |
---|---|---|---|---|---|---|
r-devel-linux-x86_64-debian-clang | 0.0.1 | 64.95 | 62.32 | 127.27 | NOTE | |
r-devel-linux-x86_64-debian-gcc | 0.0.1 | 55.97 | 53.17 | 109.14 | NOTE | |
r-devel-linux-x86_64-fedora-clang | 0.0.1 | 221.02 | OK | |||
r-devel-linux-x86_64-fedora-gcc | 0.0.1 | 269.74 | OK | |||
r-devel-windows-x86_64 | 0.0.1 | 62.00 | 96.00 | 158.00 | OK | |
r-patched-linux-x86_64 | 0.0.1 | 81.85 | 65.56 | 147.41 | OK | |
r-release-linux-x86_64 | 0.0.1 | 72.78 | 67.73 | 140.51 | OK | |
r-release-macos-arm64 | 0.0.1 | 61.00 | OK | |||
r-release-macos-x86_64 | 0.0.1 | 137.00 | OK | |||
r-release-windows-x86_64 | 0.0.1 | 63.00 | 97.00 | 160.00 | OK | |
r-oldrel-macos-arm64 | 0.0.1 | 53.00 | NOTE | |||
r-oldrel-macos-x86_64 | 0.0.1 | 92.00 | NOTE | |||
r-oldrel-windows-x86_64 | 0.0.1 | 72.00 | 123.00 | 195.00 | OK |
Version: 0.0.1
Check: CRAN incoming feasibility
Result: NOTE
Maintainer: ‘S. Varet <suzanne.varet@universite-paris-saclay.fr>’
No Authors@R field in DESCRIPTION.
Please add one, modifying
Authors@R: person(given = "S.",
family = "Varet",
role = c("aut", "cre"),
email = "suzanne.varet@universite-paris-saclay.fr")
as necessary.
Flavors: r-devel-linux-x86_64-debian-clang, r-devel-linux-x86_64-debian-gcc
Version: 0.0.1
Check: installed package size
Result: NOTE
installed size is 36.6Mb
sub-directories of 1Mb or more:
libs 36.4Mb
Flavors: r-oldrel-macos-arm64, r-oldrel-macos-x86_64