Last updated on 2025-10-21 09:48:40 CEST.
Flavor | Version | Tinstall | Tcheck | Ttotal | Status | Flags |
---|---|---|---|---|---|---|
r-devel-linux-x86_64-debian-clang | 1.2.1 | 49.17 | 30.10 | 79.27 | OK | |
r-devel-linux-x86_64-debian-gcc | 1.2.1 | 28.43 | 23.45 | 51.88 | NOTE | |
r-devel-linux-x86_64-fedora-clang | 1.2.1 | 156.86 | OK | |||
r-devel-linux-x86_64-fedora-gcc | 1.2.1 | 127.04 | OK | |||
r-devel-windows-x86_64 | 1.2.1 | 58.00 | 64.00 | 122.00 | OK | |
r-patched-linux-x86_64 | 1.2.1 | 46.94 | 27.37 | 74.31 | OK | |
r-release-linux-x86_64 | 1.2.1 | 46.68 | 27.56 | 74.24 | OK | |
r-release-macos-arm64 | 1.2.1 | 37.00 | OK | |||
r-release-macos-x86_64 | 1.2.1 | 53.00 | OK | |||
r-release-windows-x86_64 | 1.2.1 | 59.00 | 67.00 | 126.00 | OK | |
r-oldrel-macos-arm64 | 1.2.1 | 39.00 | OK | |||
r-oldrel-macos-x86_64 | 1.2.1 | 50.00 | OK | |||
r-oldrel-windows-x86_64 | 1.2.1 | 66.00 | 79.00 | 145.00 | OK |
Version: 1.2.1
Check: HTML version of manual
Result: NOTE
Found the following HTML validation problems:
gsPEN_cpp.html:88:1 (gsPEN_cpp.Rd:36): Warning: missing </ul> before </div>
gsPEN_sparse_cpp.html:88:1 (gsPEN_sparse_cpp.Rd:36): Warning: missing </ul> before </div>
gsfPEN_cpp.html:113:1 (gsfPEN_cpp.Rd:51): Warning: missing </ul> before </div>
gsfPEN_sparse_cpp.html:113:1 (gsfPEN_sparse_cpp.Rd:51): Warning: missing </ul> before </div>
Flavor: r-devel-linux-x86_64-debian-gcc