Last updated on 2025-10-21 09:48:40 CEST.
Flavor | Version | Tinstall | Tcheck | Ttotal | Status | Flags |
---|---|---|---|---|---|---|
r-devel-linux-x86_64-debian-clang | 1.1.4 | 19.25 | 91.89 | 111.14 | NOTE | |
r-devel-linux-x86_64-debian-gcc | 1.1.4 | 12.57 | 62.76 | 75.33 | NOTE | |
r-devel-linux-x86_64-fedora-clang | 1.1.4 | 180.07 | NOTE | |||
r-devel-linux-x86_64-fedora-gcc | 1.1.4 | 169.33 | NOTE | |||
r-devel-windows-x86_64 | 1.1.4 | 27.00 | 105.00 | 132.00 | NOTE | |
r-patched-linux-x86_64 | 1.1.4 | 19.86 | 77.58 | 97.44 | NOTE | |
r-release-linux-x86_64 | 1.1.4 | 19.78 | 77.43 | 97.21 | NOTE | |
r-release-macos-arm64 | 1.1.4 | 48.00 | NOTE | |||
r-release-macos-x86_64 | 1.1.4 | 87.00 | NOTE | |||
r-release-windows-x86_64 | 1.1.4 | 27.00 | 102.00 | 129.00 | NOTE | |
r-oldrel-macos-arm64 | 1.1.4 | 45.00 | NOTE | |||
r-oldrel-macos-x86_64 | 1.1.4 | 58.00 | NOTE | |||
r-oldrel-windows-x86_64 | 1.1.4 | 35.00 | 132.00 | 167.00 | NOTE |
Version: 1.1.4
Check: CRAN incoming feasibility
Result: NOTE
Maintainer: ‘Ye Henry Li <hlowl2@gmail.com>’
No Authors@R field in DESCRIPTION.
Please add one, modifying
Authors@R: c(person(given = c("Ye", "Henry"),
family = "Li",
role = c("aut", "cre"),
email = "hlowl2@gmail.com"),
person(given = "Dangna",
family = "Li",
role = "aut"))
as necessary.
Flavors: r-devel-linux-x86_64-debian-clang, r-devel-linux-x86_64-debian-gcc
Version: 1.1.4
Check: C++ specification
Result: NOTE
Specified C++11: please drop specification unless essential
Flavors: r-devel-linux-x86_64-debian-clang, r-devel-linux-x86_64-debian-gcc, r-devel-linux-x86_64-fedora-clang, r-devel-linux-x86_64-fedora-gcc, r-devel-windows-x86_64, r-patched-linux-x86_64, r-release-linux-x86_64, r-release-macos-arm64, r-release-macos-x86_64, r-release-windows-x86_64, r-oldrel-macos-arm64, r-oldrel-macos-x86_64, r-oldrel-windows-x86_64
Version: 1.1.4
Check: HTML version of manual
Result: NOTE
Found the following HTML validation problems:
MINetworkPlot_topEdges.html:50:1 (MINetworkPlot_topEdges.Rd:12): Warning: missing </ul> before </div>
MINetwork_simplified_topEdges.html:50:1 (MINetwork_simplified_topEdges.Rd:12): Warning: missing </ul> before </div>
constellationPlot.html:71:1 (constellationPlot.Rd:23): Warning: missing </ul> before </div>
getRepresentativeNetworks.html:59:1 (getRepresentativeNetworks.Rd:17): Warning: missing </ul> before </div>
outputNetworks_topEdges_matrix.html:54:1 (outputNetworks_topEdges_matrix.Rd:14): Warning: missing </ul> before </div>
outputRepresentativeNetworks_topEdges.html:55:1 (outputRepresentativeNetworks_topEdges.Rd:15): Warning: missing </ul> before </div>
refineSubpopulationLabels.html:59:1 (refineSubpopulationLabels.Rd:17): Warning: missing </ul> before </div>
runElbowPointAnalysis.html:71:1 (runElbowPointAnalysis.Rd:23): Warning: missing </ul> before </div>
samplePass.html:67:1 (samplePass.Rd:21): Warning: missing </ul> before </div>
Flavor: r-devel-linux-x86_64-debian-gcc