Last updated on 2025-10-21 09:48:40 CEST.
Flavor | Version | Tinstall | Tcheck | Ttotal | Status | Flags |
---|---|---|---|---|---|---|
r-devel-linux-x86_64-debian-clang | 0.1.1 | 16.15 | 42.73 | 58.88 | NOTE | |
r-devel-linux-x86_64-debian-gcc | 0.1.1 | 10.88 | 30.62 | 41.50 | NOTE | |
r-devel-linux-x86_64-fedora-clang | 0.1.1 | 102.79 | OK | |||
r-devel-linux-x86_64-fedora-gcc | 0.1.1 | 89.63 | OK | |||
r-devel-windows-x86_64 | 0.1.1 | 17.00 | 78.00 | 95.00 | OK | |
r-patched-linux-x86_64 | 0.1.1 | 16.62 | 39.85 | 56.47 | OK | |
r-release-linux-x86_64 | 0.1.1 | 14.63 | 40.05 | 54.68 | OK | |
r-release-macos-arm64 | 0.1.1 | 26.00 | OK | |||
r-release-macos-x86_64 | 0.1.1 | 54.00 | OK | |||
r-release-windows-x86_64 | 0.1.1 | 18.00 | 78.00 | 96.00 | OK | |
r-oldrel-macos-arm64 | 0.1.1 | 27.00 | NOTE | |||
r-oldrel-macos-x86_64 | 0.1.1 | 41.00 | NOTE | |||
r-oldrel-windows-x86_64 | 0.1.1 | 18.00 | 90.00 | 108.00 | NOTE |
Version: 0.1.1
Check: CRAN incoming feasibility
Result: NOTE
Maintainer: ‘Seung Won Hyun <yellowatom09@gmail.com>’
No Authors@R field in DESCRIPTION.
Please add one, modifying
Authors@R: c(person(given = c("Seung", "Won"),
family = "Hyun",
role = c("aut", "cre"),
email = "yellowatom09@gmail.com"),
person(given = c("Weng", "Kee"),
family = "Wong",
role = "aut"),
person(given = "Yarong",
family = "Yang",
role = "aut"))
as necessary.
Flavors: r-devel-linux-x86_64-debian-clang, r-devel-linux-x86_64-debian-gcc
Version: 0.1.1
Check: HTML version of manual
Result: NOTE
Found the following HTML validation problems:
D1.html:66:1 (D1.Rd:19): Warning: missing </ul> before </div>
DD1.html:70:1 (DD1.Rd:21): Warning: missing </ul> before </div>
DD_weight.html:78:1 (DD_weight.Rd:35): Warning: missing </ul> before </div>
DD_weight_1.html:66:1 (DD_weight_1.Rd:19): Warning: missing </ul> before </div>
DD_weight_2.html:66:1 (DD_weight_2.Rd:19): Warning: missing </ul> before </div>
DS1.html:62:1 (DS1.Rd:17): Warning: missing </ul> before </div>
D_weight.html:68:1 (D_weight.Rd:29): Warning: missing </ul> before </div>
D_weight_1.html:78:1 (D_weight_1.Rd:25): Warning: missing </ul> before </div>
D_weight_2.html:78:1 (D_weight_2.Rd:24): Warning: missing </ul> before </div>
Dp.html:50:1 (Dp.Rd:10): Warning: missing </ul> before </div>
Inv.html:53:1 (Inv.Rd:20): Warning: missing </ul> before </div>
Minus.html:50:1 (Minus.Rd:11): Warning: missing </ul> before </div>
Multiple.html:50:1 (Multiple.Rd:10): Warning: missing </ul> before </div>
Plus.html:50:1 (Plus.Rd:11): Warning: missing </ul> before </div>
SDM.html:46:1 (SDM.Rd:9): Warning: missing </ul> before </div>
S_weight.html:68:1 (S_weight.Rd:27): Warning: missing </ul> before </div>
Trans.html:46:1 (Trans.Rd:9): Warning: missing </ul> before </div>
c_weight.html:83:1 (c_weight.Rd:37): Warning: missing </ul> before </div>
c_weight_1.html:66:1 (c_weight_1.Rd:19): Warning: missing </ul> before </div>
c_weight_2.html:66:1 (c_weight_2.Rd:19): Warning: missing </ul> before </div>
d11.html:66:1 (d11.Rd:19): Warning: missing </ul> before </div>
dd11.html:70:1 (dd11.Rd:21): Warning: missing </ul> before </div>
ds11.html:62:1 (ds11.Rd:17): Warning: missing </ul> before </div>
f.html:54:1 (f.Rd:12): Warning: missing </ul> before </div>
g.html:50:1 (g.Rd:11): Warning: missing </ul> before </div>
ginv.html:53:1 (ginv.Rd:20): Warning: missing </ul> before </div>
infor.html:54:1 (infor.Rd:13): Warning: missing </ul> before </div>
sMultiple.html:50:1 (sMultiple.Rd:11): Warning: missing </ul> before </div>
smalld1.html:62:1 (smalld1.Rd:17): Warning: missing </ul> before </div>
smalldd1.html:66:1 (smalldd1.Rd:19): Warning: missing </ul> before </div>
smallds1.html:58:1 (smallds1.Rd:15): Warning: missing </ul> before </div>
upinfor.html:58:1 (upinfor.Rd:15): Warning: missing </ul> before </div>
Flavor: r-devel-linux-x86_64-debian-gcc
Version: 0.1.1
Check: LazyData
Result: NOTE
'LazyData' is specified without a 'data' directory
Flavors: r-oldrel-macos-arm64, r-oldrel-macos-x86_64, r-oldrel-windows-x86_64