Last updated on 2025-10-21 09:48:39 CEST.
Flavor | Version | Tinstall | Tcheck | Ttotal | Status | Flags |
---|---|---|---|---|---|---|
r-devel-linux-x86_64-debian-clang | 0.2-0 | 2.59 | 25.82 | 28.41 | OK | |
r-devel-linux-x86_64-debian-gcc | 0.2-0 | 1.97 | 20.43 | 22.40 | NOTE | |
r-devel-linux-x86_64-fedora-clang | 0.2-0 | 43.31 | OK | |||
r-devel-linux-x86_64-fedora-gcc | 0.2-0 | 39.21 | OK | |||
r-devel-windows-x86_64 | 0.2-0 | 4.00 | 47.00 | 51.00 | OK | |
r-patched-linux-x86_64 | 0.2-0 | 2.94 | 24.22 | 27.16 | OK | |
r-release-linux-x86_64 | 0.2-0 | 2.20 | 24.32 | 26.52 | OK | |
r-release-macos-arm64 | 0.2-0 | 16.00 | OK | |||
r-release-macos-x86_64 | 0.2-0 | 35.00 | OK | |||
r-release-windows-x86_64 | 0.2-0 | 3.00 | 49.00 | 52.00 | OK | |
r-oldrel-macos-arm64 | 0.2-0 | 16.00 | OK | |||
r-oldrel-macos-x86_64 | 0.2-0 | 34.00 | OK | |||
r-oldrel-windows-x86_64 | 0.2-0 | 5.00 | 53.00 | 58.00 | OK |
Version: 0.2-0
Check: HTML version of manual
Result: NOTE
Found the following HTML validation problems:
OBREMatVMatMEl11.html:70:1 (OBREMatVMatMEl11.Rd:22): Warning: missing </ul> before </div>
OBREMatVMatMEl12.html:70:1 (OBREMatVMatMEl12.Rd:22): Warning: missing </ul> before </div>
OBREMatVMatMEl21.html:70:1 (OBREMatVMatMEl21.Rd:22): Warning: missing </ul> before </div>
OBREMatVMatMEl22.html:70:1 (OBREMatVMatMEl22.Rd:22): Warning: missing </ul> before </div>
OBREMatVMatQEl11.html:70:1 (OBREMatVMatQEl11.Rd:22): Warning: missing </ul> before </div>
OBREMatVMatQEl12.html:70:1 (OBREMatVMatQEl12.Rd:22): Warning: missing </ul> before </div>
OBREMatVMatQEl22.html:70:1 (OBREMatVMatQEl22.Rd:22): Warning: missing </ul> before </div>
OBREmatMArgumentA.html:83:1 (OBREmatMArgumentA.Rd:33): Warning: missing </ul> before </div>
OBREmatMArgumentB.html:83:1 (OBREmatMArgumentB.Rd:33): Warning: missing </ul> before </div>
OBREmatMArgumentC.html:83:1 (OBREmatMArgumentC.Rd:33): Warning: missing </ul> before </div>
OBREnvADen.html:70:1 (OBREnvADen.Rd:22): Warning: missing </ul> before </div>
OBREnvANum1.html:70:1 (OBREnvANum1.Rd:22): Warning: missing </ul> before </div>
OBREnvANum2.html:70:1 (OBREnvANum2.Rd:22): Warning: missing </ul> before </div>
fisherEl11Part1.html:59:1 (fisherEl11Part1.Rd:16): Warning: missing </ul> before </div>
fisherEl11Part2.html:59:1 (fisherEl11Part2.Rd:16): Warning: missing </ul> before </div>
fisherEl12Part1.html:59:1 (fisherEl12Part1.Rd:16): Warning: missing </ul> before </div>
fisherEl12Part2.html:59:1 (fisherEl12Part2.Rd:16): Warning: missing </ul> before </div>
fisherEl22Part1.html:59:1 (fisherEl22Part1.Rd:16): Warning: missing </ul> before </div>
fisherEl22Part2.html:59:1 (fisherEl22Part2.Rd:16): Warning: missing </ul> before </div>
summary.html:46:1 (summary.Rd:10): Warning: missing </ul> before </div>
Flavor: r-devel-linux-x86_64-debian-gcc