Last updated on 2025-10-21 09:48:39 CEST.
Flavor | Version | Tinstall | Tcheck | Ttotal | Status | Flags |
---|---|---|---|---|---|---|
r-devel-linux-x86_64-debian-clang | 0.7.0 | 3.16 | 29.55 | 32.71 | NOTE | |
r-devel-linux-x86_64-debian-gcc | 0.7.0 | 2.28 | 22.45 | 24.73 | NOTE | |
r-devel-linux-x86_64-fedora-clang | 0.7.0 | 50.27 | OK | |||
r-devel-linux-x86_64-fedora-gcc | 0.7.0 | 47.07 | OK | |||
r-devel-windows-x86_64 | 0.7.0 | 5.00 | 46.00 | 51.00 | OK | |
r-patched-linux-x86_64 | 0.7.0 | 3.20 | 27.99 | 31.19 | OK | |
r-release-linux-x86_64 | 0.7.0 | 3.25 | 27.83 | 31.08 | OK | |
r-release-macos-arm64 | 0.7.0 | 18.00 | OK | |||
r-release-macos-x86_64 | 0.7.0 | 37.00 | OK | |||
r-release-windows-x86_64 | 0.7.0 | 6.00 | 47.00 | 53.00 | OK | |
r-oldrel-macos-arm64 | 0.7.0 | 17.00 | OK | |||
r-oldrel-macos-x86_64 | 0.7.0 | 30.00 | OK | |||
r-oldrel-windows-x86_64 | 0.7.0 | 5.00 | 47.00 | 52.00 | OK |
Version: 0.7.0
Check: CRAN incoming feasibility
Result: NOTE
Maintainer: ‘Kyun-Seop Bae <k@acr.kr>’
No Authors@R field in DESCRIPTION.
Please add one, modifying
Authors@R: person(given = "Kyun-Seop",
family = "Bae",
role = c("aut", "cre"),
email = "k@acr.kr")
as necessary.
Flavors: r-devel-linux-x86_64-debian-clang, r-devel-linux-x86_64-debian-gcc
Version: 0.7.0
Check: top-level files
Result: NOTE
Found the following validation problem for the NEWS.Rd HTML conversion:
NEWS.html:31:1 (inst/NEWS.Rd:8): Warning: <h3> anchor "Changes-in-version-0.6.0-+282022-07-15+29" already defined
Flavor: r-devel-linux-x86_64-debian-gcc