Last updated on 2025-10-21 09:48:39 CEST.
Flavor | Version | Tinstall | Tcheck | Ttotal | Status | Flags |
---|---|---|---|---|---|---|
r-devel-linux-x86_64-debian-clang | 0.2.1 | 10.96 | 118.39 | 129.35 | OK | |
r-devel-linux-x86_64-debian-gcc | 0.2.1 | 6.97 | 77.27 | 84.24 | NOTE | |
r-devel-linux-x86_64-fedora-clang | 0.2.1 | 200.87 | OK | |||
r-devel-linux-x86_64-fedora-gcc | 0.2.1 | 184.72 | OK | |||
r-devel-windows-x86_64 | 0.2.1 | 13.00 | 128.00 | 141.00 | OK | |
r-patched-linux-x86_64 | 0.2.1 | 11.84 | 110.26 | 122.10 | OK | |
r-release-linux-x86_64 | 0.2.1 | 9.82 | 109.28 | 119.10 | OK | |
r-release-macos-arm64 | 0.2.1 | 50.00 | OK | |||
r-release-macos-x86_64 | 0.2.1 | 152.00 | OK | |||
r-release-windows-x86_64 | 0.2.1 | 14.00 | 130.00 | 144.00 | OK | |
r-oldrel-macos-arm64 | 0.2.1 | 52.00 | OK | |||
r-oldrel-macos-x86_64 | 0.2.1 | 156.00 | OK | |||
r-oldrel-windows-x86_64 | 0.2.1 | 17.00 | 154.00 | 171.00 | OK |
Version: 0.2.1
Check: HTML version of manual
Result: NOTE
Found the following HTML validation problems:
addBlocks.html:50:1 (addBlocks.Rd:12): Warning: missing </ul> before </div>
count_ij.html:46:1 (count_ij.Rd:10): Warning: missing </ul> before </div>
dcastSe.html:60:1 (dcastSe.Rd:18): Warning: missing </ul> before </div>
getLines.html:67:1 (getLines.Rd:26): Warning: missing </ul> before </div>
initsToExt.html:46:1 (initsToExt.Rd:10): Warning: missing </ul> before </div>
Flavor: r-devel-linux-x86_64-debian-gcc