Last updated on 2025-10-21 09:48:39 CEST.
Flavor | Version | Tinstall | Tcheck | Ttotal | Status | Flags |
---|---|---|---|---|---|---|
r-devel-linux-x86_64-debian-clang | 0.28 | 32.83 | 613.68 | 646.51 | OK | |
r-devel-linux-x86_64-debian-gcc | 0.28 | 22.80 | 436.26 | 459.06 | NOTE | |
r-devel-linux-x86_64-fedora-clang | 0.28 | 1021.54 | OK | |||
r-devel-linux-x86_64-fedora-gcc | 0.28 | 988.84 | OK | |||
r-devel-windows-x86_64 | 0.28 | 38.00 | 583.00 | 621.00 | OK | |
r-patched-linux-x86_64 | 0.28 | 36.43 | 589.13 | 625.56 | OK | |
r-release-linux-x86_64 | 0.28 | 29.90 | 588.08 | 617.98 | OK | |
r-release-macos-arm64 | 0.28 | 291.00 | OK | |||
r-release-macos-x86_64 | 0.28 | 491.00 | OK | |||
r-release-windows-x86_64 | 0.28 | 38.00 | 594.00 | 632.00 | OK | |
r-oldrel-macos-arm64 | 0.28 | 318.00 | NOTE | |||
r-oldrel-macos-x86_64 | 0.28 | 941.00 | NOTE | |||
r-oldrel-windows-x86_64 | 0.28 | 52.00 | 771.00 | 823.00 | OK |
Version: 0.28
Check: HTML version of manual
Result: NOTE
Found the following HTML validation problems:
NMF-deprecated.html:44:1 (NMF-deprecated.Rd:7): Warning: missing </ul> before </div>
advanced.html:61:1 (advanced.Rd:14): Warning: missing </ul> before </div>
aggregate.measure.html:62:1 (aggregate.measure.Rd:18): Warning: missing </ul> before </div>
algorithm-commaNMFList-method.html:63:1 (algorithm-commaNMFList-method.Rd:20): Warning: missing </ul> before </div>
c-commaNMF-method.html:71:1 (c-commaNMF-method.Rd:24): Warning: missing </ul> before </div>
checkErrors.html:51:1 (checkErrors.Rd:10): Warning: missing </ul> before </div>
cluster_mat.html:77:1 (cluster_mat.Rd:27): Warning: missing </ul> before </div>
consensus-commaNMFfitX1-method.html:58:1 (consensus-commaNMFfitX1-method.Rd:16): Warning: missing </ul> before </div>
consensus-commaNMFfitXn-method.html:66:1 (consensus-commaNMFfitXn-method.Rd:22): Warning: missing </ul> before </div>
cutdendro.html:50:1 (cutdendro.Rd:10): Warning: missing </ul> before </div>
objective-commaNMFfit-method.html:58:1 (objective-commaNMFfit-method.Rd:15): Warning: missing </ul> before </div>
offset-commaNMFOffset-method.html:49:1 (offset-commaNMFOffset-method.Rd:9): Warning: missing </ul> before </div>
offset-commaNMFfit-method.html:47:1 (offset-commaNMFfit-method.Rd:9): Warning: missing </ul> before </div>
parallel.html:124:1 (parallel.Rd:50): Warning: missing </ul> before </div>
plot-commaNMFfit-commamissing-method.html:121:1 (plot-commaNMFfit-commamissing-method.Rd:48): Warning: missing </ul> before </div>
runtime-commaNMFList-method.html:59:1 (runtime-commaNMFList-method.Rd:16): Warning: missing </ul> before </div>
runtime.all-commaNMFfitXn-method.html:65:1 (runtime.all-commaNMFfitXn-method.Rd:19): Warning: missing </ul> before </div>
show-commaNMF-method.html:47:1 (show-commaNMF-method.Rd:9): Warning: missing </ul> before </div>
show-commaNMFList-method.html:47:1 (show-commaNMFList-method.Rd:9): Warning: missing </ul> before </div>
show-commaNMFOffset-method.html:47:1 (show-commaNMFOffset-method.Rd:9): Warning: missing </ul> before </div>
show-commaNMFSeed-method.html:47:1 (show-commaNMFSeed-method.Rd:9): Warning: missing </ul> before </div>
show-commaNMFStrategyIterative-method.html:48:1 (show-commaNMFStrategyIterative-method.Rd:9): Warning: missing </ul> before </div>
show-commaNMFfit-method.html:47:1 (show-commaNMFfit-method.Rd:9): Warning: missing </ul> before </div>
show-commaNMFfitX-method.html:47:1 (show-commaNMFfitX-method.Rd:9): Warning: missing </ul> before </div>
show-commaNMFfitX1-method.html:47:1 (show-commaNMFfitX1-method.Rd:9): Warning: missing </ul> before </div>
show-commaNMFfitXn-method.html:47:1 (show-commaNMFfitXn-method.Rd:9): Warning: missing </ul> before </div>
show-commaNMFns-method.html:47:1 (show-commaNMFns-method.Rd:9): Warning: missing </ul> before </div>
Flavor: r-devel-linux-x86_64-debian-gcc
Version: 0.28
Check: package dependencies
Result: NOTE
Package suggested but not available for checking: ‘doMPI’
Flavors: r-oldrel-macos-arm64, r-oldrel-macos-x86_64