Last updated on 2025-10-21 09:48:39 CEST.
Flavor | Version | Tinstall | Tcheck | Ttotal | Status | Flags |
---|---|---|---|---|---|---|
r-devel-linux-x86_64-debian-clang | 1.3.9 | 12.77 | 84.75 | 97.52 | OK | |
r-devel-linux-x86_64-debian-gcc | 1.3.9 | 9.10 | 60.37 | 69.47 | NOTE | |
r-devel-linux-x86_64-fedora-clang | 1.3.9 | 151.85 | OK | |||
r-devel-linux-x86_64-fedora-gcc | 1.3.9 | 144.41 | OK | |||
r-devel-windows-x86_64 | 1.3.9 | 17.00 | 98.00 | 115.00 | OK | |
r-patched-linux-x86_64 | 1.3.9 | 10.92 | 82.28 | 93.20 | OK | |
r-release-linux-x86_64 | 1.3.9 | 11.40 | 81.87 | 93.27 | OK | |
r-release-macos-arm64 | 1.3.9 | 50.00 | OK | |||
r-release-macos-x86_64 | 1.3.9 | 96.00 | OK | |||
r-release-windows-x86_64 | 1.3.9 | 19.00 | 100.00 | 119.00 | OK | |
r-oldrel-macos-arm64 | 1.3.9 | 44.00 | OK | |||
r-oldrel-macos-x86_64 | 1.3.9 | 67.00 | OK | |||
r-oldrel-windows-x86_64 | 1.3.9 | 24.00 | 122.00 | 146.00 | OK |
Version: 1.3.9
Check: HTML version of manual
Result: NOTE
Found the following HTML validation problems:
ecdfcis.html:62:1 (ecdfcis.Rd:18): Warning: missing </ul> before </div>
powerplot.html:73:1 (powerplot.Rd:27): Warning: missing </ul> before </div>
util.jplot.html:54:1 (util.jplot.Rd:14): Warning: missing </ul> before </div>
Flavor: r-devel-linux-x86_64-debian-gcc