Last updated on 2025-10-21 09:48:39 CEST.
Flavor | Version | Tinstall | Tcheck | Ttotal | Status | Flags |
---|---|---|---|---|---|---|
r-devel-linux-x86_64-debian-clang | 0.6.4 | 21.73 | 68.80 | 90.53 | OK | |
r-devel-linux-x86_64-debian-gcc | 0.6.4 | 14.19 | 51.97 | 66.16 | NOTE | |
r-devel-linux-x86_64-fedora-clang | 0.6.4 | 153.67 | OK | |||
r-devel-linux-x86_64-fedora-gcc | 0.6.4 | 137.84 | OK | |||
r-devel-windows-x86_64 | 0.6.4 | 25.00 | 92.00 | 117.00 | OK | |
r-patched-linux-x86_64 | 0.6.4 | 21.30 | 66.04 | 87.34 | OK | |
r-release-linux-x86_64 | 0.6.4 | 22.13 | 65.72 | 87.85 | OK | |
r-release-macos-arm64 | 0.6.4 | 42.00 | OK | |||
r-release-macos-x86_64 | 0.6.4 | 77.00 | OK | |||
r-release-windows-x86_64 | 0.6.4 | 26.00 | 91.00 | 117.00 | OK | |
r-oldrel-macos-arm64 | 0.6.4 | 51.00 | OK | |||
r-oldrel-macos-x86_64 | 0.6.4 | 79.00 | OK | |||
r-oldrel-windows-x86_64 | 0.6.4 | 32.00 | 117.00 | 149.00 | OK |
Version: 0.6.4
Check: HTML version of manual
Result: NOTE
Found the following HTML validation problems:
Compute_Cn1n2.html:46:1 (Compute_Cn1n2.Rd:10): Warning: missing </ul> before </div>
print-MuChPoint.html:51:1 (print-MuChPoint.Rd:12): Warning: missing </ul> before </div>
Flavor: r-devel-linux-x86_64-debian-gcc