Last updated on 2025-10-21 09:48:37 CEST.
Flavor | Version | Tinstall | Tcheck | Ttotal | Status | Flags |
---|---|---|---|---|---|---|
r-devel-linux-x86_64-debian-clang | 1.5.0 | 85.55 | 244.58 | 330.13 | OK | |
r-devel-linux-x86_64-debian-gcc | 1.5.0 | 63.72 | 186.41 | 250.13 | NOTE | |
r-devel-linux-x86_64-fedora-clang | 1.5.0 | 522.08 | OK | |||
r-devel-linux-x86_64-fedora-gcc | 1.5.0 | 535.39 | OK | |||
r-devel-windows-x86_64 | 1.5.0 | 86.00 | 238.00 | 324.00 | OK | |
r-patched-linux-x86_64 | 1.5.0 | 87.89 | 235.51 | 323.40 | OK | |
r-release-linux-x86_64 | 1.5.0 | 83.12 | 233.21 | 316.33 | OK | |
r-release-macos-arm64 | 1.5.0 | 127.00 | OK | |||
r-release-macos-x86_64 | 1.5.0 | 228.00 | OK | |||
r-release-windows-x86_64 | 1.5.0 | 85.00 | 240.00 | 325.00 | OK | |
r-oldrel-macos-arm64 | 1.5.0 | 134.00 | NOTE | |||
r-oldrel-macos-x86_64 | 1.5.0 | 270.00 | NOTE | |||
r-oldrel-windows-x86_64 | 1.5.0 | 112.00 | 315.00 | 427.00 | OK |
Version: 1.5.0
Check: HTML version of manual
Result: NOTE
Found the following HTML validation problems:
bru_mapper.inla_metric_graph_spde.html:64:1 (bru_mapper.inla_metric_graph_spde.Rd:26): Warning: missing </ul> before </div>
graph_components.html:163:1 (graph_components.Rd:110): Warning: <h5> anchor "Usage" already defined
graph_components.html:169:1 (graph_components.Rd:114): Warning: <h5> anchor "Returns" already defined
graph_components.html:186:1 (graph_components.Rd:123): Warning: <h5> anchor "Usage" already defined
graph_components.html:192:1 (graph_components.Rd:127): Warning: <h5> anchor "Arguments" already defined
graph_components.html:211:1 (graph_components.Rd:140): Warning: <h5> anchor "Returns" already defined
graph_components.html:228:1 (graph_components.Rd:149): Warning: <h5> anchor "Usage" already defined
graph_components.html:234:1 (graph_components.Rd:153): Warning: <h5> anchor "Arguments" already defined
metric_graph.html:476:1 (metric_graph.Rd:283): Warning: <h5> anchor "Usage" already defined
metric_graph.html:482:1 (metric_graph.Rd:287): Warning: <h5> anchor "Arguments" already defined
metric_graph.html:497:1 (metric_graph.Rd:296): Warning: <h5> anchor "Returns" already defined
metric_graph.html:514:1 (metric_graph.Rd:305): Warning: <h5> anchor "Usage" already defined
metric_graph.html:520:1 (metric_graph.Rd:309): Warning: <h5> anchor "Arguments" already defined
metric_graph.html:533:1 (metric_graph.Rd:316): Warning: <h5> anchor "Returns" already defined
metric_graph.html:552:1 (metric_graph.Rd:327): Warning: <h5> anchor "Usage" already defined
metric_graph.html:558:1 (metric_graph.Rd:331): Warning: <h5> anchor "Arguments" already defined
metric_graph.html:571:1 (metric_graph.Rd:338): Warning: <h5> anchor "Returns" already defined
metric_graph.html:588:1 (metric_graph.Rd:347): Warning: <h5> anchor "Usage" already defined
metric_graph.html:594:1 (metric_graph.Rd:351): Warning: <h5> anchor "Arguments" already defined
metric_graph.html:607:1 (metric_graph.Rd:358): Warning: <h5> anchor "Returns" already defined
metric_graph.html:626:1 (metric_graph.Rd:369): Warning: <h5> anchor "Usage" already defined
metric_graph.html:632:1 (metric_graph.Rd:373): Warning: <h5> anchor "Arguments" already defined
metric_graph.html:645:1 (metric_graph.Rd:380): Warning: <h5> anchor "Returns" already defined
metric_graph.html:666:1 (metric_graph.Rd:393): Warning: <h5> anchor "Usage" already defined
metric_graph.html:679:1 (metric_graph.Rd:404): Warning: <h5> anchor "Arguments" already defined
metric_graph.html:712:1 (metric_graph.Rd:427): Warning: <h5> anchor "Usage" already defined
metric_graph.html:718:1 (metric_graph.Rd:431): Warning: <h5> anchor "Arguments" already defined
metric_graph.html:741:1 (metric_graph.Rd:444): Warning: <h5> anchor "Usage" already defined
metric_graph.html:752:1 (metric_graph.Rd:453): Warning: <h5> anchor "Arguments" already defined
metric_graph.html:772:1 (metric_graph.Rd:467): Warning: <h5> anchor "Returns" already defined
metric_graph.html:789:1 (metric_graph.Rd:476): Warning: <h5> anchor "Usage" already defined
metric_graph.html:799:1 (metric_graph.Rd:484): Warning: <h5> anchor "Arguments" already defined
metric_graph.html:816:1 (metric_graph.Rd:495): Warning: <h5> anchor "Returns" already defined
metric_graph.html:833:1 (metric_graph.Rd:504): Warning: <h5> anchor "Usage" already defined
metric_graph.html:839:1 (metric_graph.Rd:508): Warning: <h5> anchor "Returns" already defined
metric_graph.html:856:1 (metric_graph.Rd:517): Warning: <h5> anchor "Usage" already defined
metric_graph.html:867:1 (metric_graph.Rd:526): Warning: <h5> anchor "Arguments" already defined
metric_graph.html:886:1 (metric_graph.Rd:539): Warning: <h5> anchor "Returns" already defined
metric_graph.html:903:1 (metric_graph.Rd:548): Warning: <h5> anchor "Usage" already defined
metric_graph.html:909:1 (metric_graph.Rd:552): Warning: <h5> anchor "Returns" already defined
metric_graph.html:926:1 (metric_graph.Rd:561): Warning: <h5> anchor "Usage" already defined
metric_graph.html:932:1 (metric_graph.Rd:565): Warning: <h5> anchor "Arguments" already defined
metric_graph.html:945:1 (metric_graph.Rd:572): Warning: <h5> anchor "Returns" already defined
metric_graph.html:963:1 (metric_graph.Rd:582): Warning: <h5> anchor "Usage" already defined
metric_graph.html:969:1 (metric_graph.Rd:586): Warning: <h5> anchor "Returns" already defined
metric_graph.html:988:1 (metric_graph.Rd:597): Warning: <h5> anchor "Usage" already defined
metric_graph.html:994:1 (metric_graph.Rd:601): Warning: <h5> anchor "Returns" already defined
metric_graph.html:1014:1 (metric_graph.Rd:613): Warning: <h5> anchor "Usage" already defined
metric_graph.html:1025:1 (metric_graph.Rd:622): Warning: <h5> anchor "Arguments" already defined
metric_graph.html:1048:1 (metric_graph.Rd:639): Warning: <h5> anchor "Returns" already defined
metric_graph.html:1067:1 (metric_graph.Rd:650): Warning: <h5> anchor "Usage" already defined
metric_graph.html:1078:1 (metric_graph.Rd:659): Warning: <h5> anchor "Arguments" already defined
metric_graph.html:1098:1 (metric_graph.Rd:673): Warning: <h5> anchor "Returns" already defined
metric_graph.html:1116:1 (metric_graph.Rd:683): Warning: <h5> anchor "Usage" already defined
metric_graph.html:1122:1 (metric_graph.Rd:687): Warning: <h5> anchor "Returns" already defined
metric_graph.html:1141:1 (metric_graph.Rd:698): Warning: <h5> anchor "Usage" already defined
metric_graph.html:1154:1 (metric_graph.Rd:709): Warning: <h5> anchor "Arguments" already defined
metric_graph.html:1181:1 (metric_graph.Rd:730): Warning: <h5> anchor "Returns" already defined
metric_graph.html:1200:1 (metric_graph.Rd:741): Warning: <h5> anchor "Usage" already defined
metric_graph.html:1212:1 (metric_graph.Rd:751): Warning: <h5> anchor "Arguments" already defined
metric_graph.html:1234:1 (metric_graph.Rd:767): Warning: <h5> anchor "Returns" already defined
metric_graph.html:1251:1 (metric_graph.Rd:776): Warning: <h5> anchor "Usage" already defined
metric_graph.html:1257:1 (metric_graph.Rd:780): Warning: <h5> anchor "Arguments" already defined
metric_graph.html:1271:1 (metric_graph.Rd:788): Warning: <h5> anchor "Returns" already defined
metric_graph.html:1288:1 (metric_graph.Rd:797): Warning: <h5> anchor "Usage" already defined
metric_graph.html:1294:1 (metric_graph.Rd:801): Warning: <h5> anchor "Arguments" already defined
metric_graph.html:1309:1 (metric_graph.Rd:810): Warning: <h5> anchor "Returns" already defined
metric_graph.html:1327:1 (metric_graph.Rd:820): Warning: <h5> anchor "Usage" already defined
metric_graph.html:1333:1 (metric_graph.Rd:824): Warning: <h5> anchor "Returns" already defined
metric_graph.html:1352:1 (metric_graph.Rd:835): Warning: <h5> anchor "Usage" already defined
metric_graph.html:1363:1 (metric_graph.Rd:844): Warning: <h5> anchor "Arguments" already defined
metric_graph.html:1386:1 (metric_graph.Rd:861): Warning: <h5> anchor "Returns" already defined
metric_graph.html:1404:1 (metric_graph.Rd:871): Warning: <h5> anchor "Usage" already defined
metric_graph.html:1414:1 (metric_graph.Rd:879): Warning: <h5> anchor "Arguments" already defined
metric_graph.html:1431:1 (metric_graph.Rd:890): Warning: <h5> anchor "Details" already defined
metric_graph.html:1439:1 (metric_graph.Rd:895): Warning: <h5> anchor "Returns" already defined
metric_graph.html:1456:1 (metric_graph.Rd:904): Warning: <h5> anchor "Usage" already defined
metric_graph.html:1462:1 (metric_graph.Rd:908): Warning: <h5> anchor "Arguments" already defined
metric_graph.html:1477:1 (metric_graph.Rd:917): Warning: <h5> anchor "Returns" already defined
metric_graph.html:1494:1 (metric_graph.Rd:926): Warning: <h5> anchor "Usage" already defined
metric_graph.html:1500:1 (metric_graph.Rd:930): Warning: <h5> anchor "Arguments" already defined
metric_graph.html:1513:1 (metric_graph.Rd:937): Warning: <h5> anchor "Returns" already defined
metric_graph.html:1530:1 (metric_graph.Rd:946): Warning: <h5> anchor "Usage" already defined
metric_graph.html:1536:1 (metric_graph.Rd:950): Warning: <h5> anchor "Arguments" already defined
metric_graph.html:1551:1 (metric_graph.Rd:959): Warning: <h5> anchor "Returns" already defined
metric_graph.html:1570:1 (metric_graph.Rd:970): Warning: <h5> anchor "Usage" already defined
metric_graph.html:1576:1 (metric_graph.Rd:974): Warning: <h5> anchor "Arguments" already defined
metric_graph.html:1589:1 (metric_graph.Rd:981): Warning: <h5> anchor "Returns" already defined
metric_graph.html:1606:1 (metric_graph.Rd:990): Warning: <h5> anchor "Usage" already defined
metric_graph.html:1612:1 (metric_graph.Rd:994): Warning: <h5> anchor "Returns" already defined
metric_graph.html:1629:1 (metric_graph.Rd:1003): Warning: <h5> anchor "Usage" already defined
metric_graph.html:1639:1 (metric_graph.Rd:1011): Warning: <h5> anchor "Arguments" already defined
metric_graph.html:1658:1 (metric_graph.Rd:1024): Warning: <h5> anchor "Returns" already defined
metric_graph.html:1675:1 (metric_graph.Rd:1033): Warning: <h5> anchor "Usage" already defined
metric_graph.html:1694:1 (metric_graph.Rd:1050): Warning: <h5> anchor "Arguments" already defined
metric_graph.html:1743:1 (metric_graph.Rd:1089): Warning: <h5> anchor "Usage" already defined
metric_graph.html:1754:1 (metric_graph.Rd:1098): Warning: <h5> anchor "Arguments" already defined
metric_graph.html:1775:1 (metric_graph.Rd:1113): Warning: <h5> anchor "Returns" already defined
metric_graph.html:1792:1 (metric_graph.Rd:1122): Warning: <h5> anchor "Usage" already defined
metric_graph.html:1798:1 (metric_graph.Rd:1126): Warning: <h5> anchor "Returns" already defined
metric_graph.html:1815:1 (metric_graph.Rd:1135): Warning: <h5> anchor "Usage" already defined
metric_graph.html:1840:1 (metric_graph.Rd:1158): Warning: <h5> anchor "Arguments" already defined
metric_graph.html:1911:1 (metric_graph.Rd:1223): Warning: <h5> anchor "Returns" already defined
metric_graph.html:1929:1 (metric_graph.Rd:1233): Warning: <h5> anchor "Usage" already defined
metric_graph.html:1956:1 (metric_graph.Rd:1258): Warning: <h5> anchor "Arguments" already defined
metric_graph.html:2032:1 (metric_graph.Rd:1328): Warning: <h5> anchor "Returns" already defined
metric_graph.html:2050:1 (metric_graph.Rd:1338): Warning: <h5> anchor "Usage" already defined
metric_graph.html:2061:1 (metric_graph.Rd:1347): Warning: <h5> anchor "Arguments" already defined
metric_graph.html:2080:1 (metric_graph.Rd:1360): Warning: <h5> anchor "Details" already defined
metric_graph.html:2087:1 (metric_graph.Rd:1364): Warning: <h5> anchor "Returns" already defined
metric_graph.html:2104:1 (metric_graph.Rd:1373): Warning: <h5> anchor "Usage" already defined
metric_graph.html:2115:1 (metric_graph.Rd:1382): Warning: <h5> anchor "Arguments" already defined
metric_graph.html:2134:1 (metric_graph.Rd:1395): Warning: <h5> anchor "Details" already defined
metric_graph.html:2141:1 (metric_graph.Rd:1399): Warning: <h5> anchor "Returns" already defined
metric_graph.html:2158:1 (metric_graph.Rd:1408): Warning: <h5> anchor "Usage" already defined
metric_graph.html:2169:1 (metric_graph.Rd:1417): Warning: <h5> anchor "Arguments" already defined
metric_graph.html:2188:1 (metric_graph.Rd:1430): Warning: <h5> anchor "Details" already defined
metric_graph.html:2195:1 (metric_graph.Rd:1434): Warning: <h5> anchor "Returns" already defined
metric_graph.html:2212:1 (metric_graph.Rd:1443): Warning: <h5> anchor "Usage" already defined
metric_graph.html:2224:1 (metric_graph.Rd:1453): Warning: <h5> anchor "Arguments" already defined
metric_graph.html:2245:1 (metric_graph.Rd:1468): Warning: <h5> anchor "Details" already defined
metric_graph.html:2252:1 (metric_graph.Rd:1472): Warning: <h5> anchor "Returns" already defined
metric_graph.html:2269:1 (metric_graph.Rd:1481): Warning: <h5> anchor "Usage" already defined
metric_graph.html:2275:1 (metric_graph.Rd:1485): Warning: <h5> anchor "Arguments" already defined
metric_graph.html:2290:1 (metric_graph.Rd:1494): Warning: <h5> anchor "Details" already defined
metric_graph.html:2297:1 (metric_graph.Rd:1498): Warning: <h5> anchor "Returns" already defined
metric_graph.html:2314:1 (metric_graph.Rd:1507): Warning: <h5> anchor "Usage" already defined
metric_graph.html:2325:1 (metric_graph.Rd:1516): Warning: <h5> anchor "Arguments" already defined
metric_graph.html:2344:1 (metric_graph.Rd:1529): Warning: <h5> anchor "Details" already defined
metric_graph.html:2351:1 (metric_graph.Rd:1533): Warning: <h5> anchor "Returns" already defined
metric_graph.html:2368:1 (metric_graph.Rd:1542): Warning: <h5> anchor "Usage" already defined
metric_graph.html:2374:1 (metric_graph.Rd:1546): Warning: <h5> anchor "Arguments" already defined
metric_graph.html:2389:1 (metric_graph.Rd:1555): Warning: <h5> anchor "Details" already defined
metric_graph.html:2396:1 (metric_graph.Rd:1559): Warning: <h5> anchor "Returns" already defined
metric_graph.html:2413:1 (metric_graph.Rd:1568): Warning: <h5> anchor "Usage" already defined
metric_graph.html:2424:1 (metric_graph.Rd:1577): Warning: <h5> anchor "Arguments" already defined
metric_graph.html:2443:1 (metric_graph.Rd:1590): Warning: <h5> anchor "Details" already defined
metric_graph.html:2450:1 (metric_graph.Rd:1594): Warning: <h5> anchor "Returns" already defined
metric_graph.html:2467:1 (metric_graph.Rd:1603): Warning: <h5> anchor "Usage" already defined
metric_graph.html:2478:1 (metric_graph.Rd:1612): Warning: <h5> anchor "Arguments" already defined
metric_graph.html:2497:1 (metric_graph.Rd:1625): Warning: <h5> anchor "Details" already defined
metric_graph.html:2504:1 (metric_graph.Rd:1629): Warning: <h5> anchor "Returns" already defined
metric_graph.html:2521:1 (metric_graph.Rd:1638): Warning: <h5> anchor "Usage" already defined
metric_graph.html:2534:1 (metric_graph.Rd:1649): Warning: <h5> anchor "Arguments" already defined
metric_graph.html:2557:1 (metric_graph.Rd:1666): Warning: <h5> anchor "Details" already defined
metric_graph.html:2564:1 (metric_graph.Rd:1670): Warning: <h5> anchor "Returns" already defined
metric_graph.html:2581:1 (metric_graph.Rd:1679): Warning: <h5> anchor "Usage" already defined
metric_graph.html:2593:1 (metric_graph.Rd:1689): Warning: <h5> anchor "Arguments" already defined
metric_graph.html:2626:1 (metric_graph.Rd:1712): Warning: <h5> anchor "Usage" already defined
metric_graph.html:2632:1 (metric_graph.Rd:1716): Warning: <h5> anchor "Arguments" already defined
metric_graph.html:2647:1 (metric_graph.Rd:1725): Warning: <h5> anchor "Details" already defined
metric_graph.html:2654:1 (metric_graph.Rd:1729): Warning: <h5> anchor "Returns" already defined
metric_graph.html:2671:1 (metric_graph.Rd:1738): Warning: <h5> anchor "Usage" already defined
metric_graph.html:2677:1 (metric_graph.Rd:1742): Warning: <h5> anchor "Arguments" already defined
metric_graph.html:2692:1 (metric_graph.Rd:1751): Warning: <h5> anchor "Details" already defined
metric_graph.html:2700:1 (metric_graph.Rd:1756): Warning: <h5> anchor "Returns" already defined
metric_graph.html:2717:1 (metric_graph.Rd:1765): Warning: <h5> anchor "Usage" already defined
metric_graph.html:2723:1 (metric_graph.Rd:1769): Warning: <h5> anchor "Arguments" already defined
metric_graph.html:2738:1 (metric_graph.Rd:1778): Warning: <h5> anchor "Details" already defined
metric_graph.html:2746:1 (metric_graph.Rd:1783): Warning: <h5> anchor "Returns" already defined
metric_graph.html:2763:1 (metric_graph.Rd:1792): Warning: <h5> anchor "Usage" already defined
metric_graph.html:2775:1 (metric_graph.Rd:1802): Warning: <h5> anchor "Arguments" already defined
metric_graph.html:2801:1 (metric_graph.Rd:1822): Warning: <h5> anchor "Details" already defined
metric_graph.html:2832:1 (metric_graph.Rd:1835): Warning: <h5> anchor "Returns" already defined
metric_graph.html:2850:1 (metric_graph.Rd:1845): Warning: <h5> anchor "Usage" already defined
metric_graph.html:2856:1 (metric_graph.Rd:1849): Warning: <h5> anchor "Returns" already defined
metric_graph.html:2873:1 (metric_graph.Rd:1858): Warning: <h5> anchor "Usage" already defined
metric_graph.html:2879:1 (metric_graph.Rd:1862): Warning: <h5> anchor "Arguments" already defined
metric_graph.html:2895:1 (metric_graph.Rd:1872): Warning: <h5> anchor "Details" already defined
metric_graph.html:2907:1 (metric_graph.Rd:1881): Warning: <h5> anchor "Returns" already defined
metric_graph.html:2929:1 (metric_graph.Rd:1895): Warning: <h5> anchor "Usage" already defined
metric_graph.html:2935:1 (metric_graph.Rd:1899): Warning: <h5> anchor "Arguments" already defined
metric_graph.html:2949:1 (metric_graph.Rd:1907): Warning: <h5> anchor "Details" already defined
metric_graph.html:2957:1 (metric_graph.Rd:1912): Warning: <h5> anchor "Returns" already defined
metric_graph.html:2974:1 (metric_graph.Rd:1921): Warning: <h5> anchor "Usage" already defined
metric_graph.html:2980:1 (metric_graph.Rd:1925): Warning: <h5> anchor "Arguments" already defined
metric_graph.html:2994:1 (metric_graph.Rd:1933): Warning: <h5> anchor "Details" already defined
metric_graph.html:3002:1 (metric_graph.Rd:1938): Warning: <h5> anchor "Returns" already defined
metric_graph.html:3019:1 (metric_graph.Rd:1947): Warning: <h5> anchor "Usage" already defined
metric_graph.html:3025:1 (metric_graph.Rd:1951): Warning: <h5> anchor "Returns" already defined
metric_graph.html:3045:1 (metric_graph.Rd:1963): Warning: <h5> anchor "Usage" already defined
metric_graph.html:3085:1 (metric_graph.Rd:2001): Warning: <h5> anchor "Arguments" already defined
metric_graph.html:3167:1 (metric_graph.Rd:2077): Warning: <h5> anchor "Returns" already defined
metric_graph.html:3184:1 (metric_graph.Rd:2086): Warning: <h5> anchor "Usage" already defined
metric_graph.html:3190:1 (metric_graph.Rd:2090): Warning: <h5> anchor "Returns" already defined
metric_graph.html:3207:1 (metric_graph.Rd:2099): Warning: <h5> anchor "Usage" already defined
metric_graph.html:3213:1 (metric_graph.Rd:2103): Warning: <h5> anchor "Returns" already defined
metric_graph.html:3230:1 (metric_graph.Rd:2112): Warning: <h5> anchor "Usage" already defined
metric_graph.html:3260:1 (metric_graph.Rd:2140): Warning: <h5> anchor "Arguments" already defined
metric_graph.html:3321:1 (metric_graph.Rd:2195): Warning: <h5> anchor "Returns" already defined
metric_graph.html:3338:1 (metric_graph.Rd:2204): Warning: <h5> anchor "Usage" already defined
metric_graph.html:3354:1 (metric_graph.Rd:2218): Warning: <h5> anchor "Arguments" already defined
metric_graph.html:3384:1 (metric_graph.Rd:2242): Warning: <h5> anchor "Returns" already defined
metric_graph.html:3401:1 (metric_graph.Rd:2251): Warning: <h5> anchor "Usage" already defined
metric_graph.html:3407:1 (metric_graph.Rd:2255): Warning: <h5> anchor "Arguments" already defined
metric_graph.html:3426:1 (metric_graph.Rd:2268): Warning: <h5> anchor "Returns" already defined
metric_graph.html:3444:1 (metric_graph.Rd:2278): Warning: <h5> anchor "Usage" already defined
metric_graph.html:3450:1 (metric_graph.Rd:2282): Warning: <h5> anchor "Returns" already defined
metric_graph.html:3468:1 (metric_graph.Rd:2292): Warning: <h5> anchor "Usage" already defined
metric_graph.html:3474:1 (metric_graph.Rd:2296): Warning: <h5> anchor "Arguments" already defined
metric_graph.html:3494:1 (metric_graph.Rd:2310): Warning: <h5> anchor "Returns" already defined
metric_graph.html:3517:1 (metric_graph.Rd:2325): Warning: <h5> anchor "Usage" already defined
metric_graph.html:3523:1 (metric_graph.Rd:2329): Warning: <h5> anchor "Arguments" already defined
Flavor: r-devel-linux-x86_64-debian-gcc
Version: 1.5.0
Check: package dependencies
Result: NOTE
Package suggested but not available for checking: ‘INLA’
Flavors: r-oldrel-macos-arm64, r-oldrel-macos-x86_64
Version: 1.5.0
Check: installed package size
Result: NOTE
installed size is 14.4Mb
sub-directories of 1Mb or more:
R 1.1Mb
libs 12.6Mb
Flavors: r-oldrel-macos-arm64, r-oldrel-macos-x86_64