Last updated on 2025-10-21 09:48:37 CEST.
Flavor | Version | Tinstall | Tcheck | Ttotal | Status | Flags |
---|---|---|---|---|---|---|
r-devel-linux-x86_64-debian-clang | 0.1.0 | 3.52 | 251.70 | 255.22 | OK | |
r-devel-linux-x86_64-debian-gcc | 0.1.0 | 2.34 | 171.59 | 173.93 | NOTE | |
r-devel-linux-x86_64-fedora-clang | 0.1.0 | 415.68 | OK | |||
r-devel-linux-x86_64-fedora-gcc | 0.1.0 | 399.13 | OK | |||
r-devel-windows-x86_64 | 0.1.0 | 4.00 | 207.00 | 211.00 | OK | |
r-patched-linux-x86_64 | 0.1.0 | 3.40 | 240.25 | 243.65 | OK | |
r-release-linux-x86_64 | 0.1.0 | 3.12 | 240.54 | 243.66 | OK | |
r-release-macos-arm64 | 0.1.0 | 97.00 | OK | |||
r-release-macos-x86_64 | 0.1.0 | 233.00 | OK | |||
r-release-windows-x86_64 | 0.1.0 | 5.00 | 211.00 | 216.00 | OK | |
r-oldrel-macos-arm64 | 0.1.0 | 101.00 | OK | |||
r-oldrel-macos-x86_64 | 0.1.0 | 205.00 | OK | |||
r-oldrel-windows-x86_64 | 0.1.0 | 6.00 | 322.00 | 328.00 | OK |
Version: 0.1.0
Check: HTML version of manual
Result: NOTE
Found the following HTML validation problems:
plotDoc.html:61:1 (plotDoc.Rd:20): Warning: missing </ul> before </div>
resultDoc.html:40:1 (resultDoc.Rd:7): Warning: missing </ul> before </div>
summariseMeasurementDoc.html:84:1 (summariseMeasurementDoc.Rd:33): Warning: missing </ul> before </div>
tableDoc.html:74:1 (tableDoc.Rd:29): Warning: missing </ul> before </div>
timeScaleDoc.html:40:1 (timeScaleDoc.Rd:7): Warning: missing </ul> before </div>
uniqueCombinationsDoc.html:41:1 (uniqueCombinationsDoc.Rd:8): Warning: missing </ul> before </div>
Flavor: r-devel-linux-x86_64-debian-gcc