Last updated on 2025-10-21 09:48:37 CEST.
Flavor | Version | Tinstall | Tcheck | Ttotal | Status | Flags |
---|---|---|---|---|---|---|
r-devel-linux-x86_64-debian-clang | 0.7.2 | 4.12 | 85.52 | 89.64 | NOTE | |
r-devel-linux-x86_64-debian-gcc | 0.7.2 | 3.15 | 59.89 | 63.04 | NOTE | |
r-devel-linux-x86_64-fedora-clang | 0.7.2 | 139.07 | NOTE | |||
r-devel-linux-x86_64-fedora-gcc | 0.7.2 | 162.70 | NOTE | |||
r-devel-windows-x86_64 | 0.7.2 | 7.00 | 95.00 | 102.00 | NOTE | |
r-patched-linux-x86_64 | 0.7.2 | 4.22 | 79.87 | 84.09 | NOTE | |
r-release-linux-x86_64 | 0.7.2 | 4.64 | 80.26 | 84.90 | NOTE | |
r-release-macos-arm64 | 0.7.2 | 67.00 | NOTE | |||
r-release-macos-x86_64 | 0.7.2 | 109.00 | NOTE | |||
r-release-windows-x86_64 | 0.7.2 | 9.00 | 97.00 | 106.00 | NOTE | |
r-oldrel-macos-arm64 | 0.7.2 | 52.00 | NOTE | |||
r-oldrel-macos-x86_64 | 0.7.2 | 95.00 | NOTE | |||
r-oldrel-windows-x86_64 | 0.7.2 | 10.00 | 122.00 | 132.00 | NOTE |
Version: 0.7.2
Check: Rd files
Result: NOTE
checkRd: (-1) mma.Rd:67: Escaped LaTeX specials: \&
Flavors: r-devel-linux-x86_64-debian-clang, r-devel-linux-x86_64-debian-gcc, r-devel-linux-x86_64-fedora-clang, r-devel-linux-x86_64-fedora-gcc, r-devel-windows-x86_64, r-patched-linux-x86_64, r-release-linux-x86_64, r-release-macos-arm64, r-release-macos-x86_64, r-release-windows-x86_64, r-oldrel-macos-arm64, r-oldrel-macos-x86_64, r-oldrel-windows-x86_64
Version: 0.7.2
Check: HTML version of manual
Result: NOTE
Found the following HTML validation problems:
mma_check.html:46:1 (mma_check.Rd:10): Warning: missing </ul> before </div>
mma_dir_effects.html:46:1 (mma_dir_effects.Rd:10): Warning: missing </ul> before </div>
mma_formulas.html:46:1 (mma_formulas.Rd:10): Warning: missing </ul> before </div>
mma_ind_effects.html:46:1 (mma_ind_effects.Rd:10): Warning: missing </ul> before </div>
mma_std_dir_effects.html:46:1 (mma_std_dir_effects.Rd:10): Warning: missing </ul> before </div>
mma_std_ind_effects.html:46:1 (mma_std_ind_effects.Rd:10): Warning: missing </ul> before </div>
perc_med.html:51:1 (perc_med.Rd:12): Warning: missing </ul> before </div>
Flavor: r-devel-linux-x86_64-debian-gcc