Last updated on 2025-10-21 09:48:38 CEST.
Flavor | Version | Tinstall | Tcheck | Ttotal | Status | Flags |
---|---|---|---|---|---|---|
r-devel-linux-x86_64-debian-clang | 3.7.5 | 112.78 | 254.20 | 366.98 | OK | |
r-devel-linux-x86_64-debian-gcc | 3.7.5 | 75.67 | 158.23 | 233.90 | NOTE | |
r-devel-linux-x86_64-fedora-clang | 3.7.5 | 658.15 | OK | |||
r-devel-linux-x86_64-fedora-gcc | 3.7.5 | 621.33 | OK | |||
r-devel-windows-x86_64 | 3.7.5 | 126.00 | 248.00 | 374.00 | OK | |
r-patched-linux-x86_64 | 3.7.5 | 113.82 | 237.51 | 351.33 | OK | |
r-release-linux-x86_64 | 3.7.5 | 114.52 | 236.84 | 351.36 | OK | |
r-release-macos-arm64 | 3.7.5 | 124.00 | OK | |||
r-release-macos-x86_64 | 3.7.5 | 429.00 | OK | |||
r-release-windows-x86_64 | 3.7.5 | 128.00 | 251.00 | 379.00 | OK | |
r-oldrel-macos-arm64 | 3.7.5 | 123.00 | NOTE | |||
r-oldrel-macos-x86_64 | 3.7.5 | 459.00 | NOTE | |||
r-oldrel-windows-x86_64 | 3.7.5 | 164.00 | 331.00 | 495.00 | NOTE |
Version: 3.7.5
Check: HTML version of manual
Result: NOTE
Found the following HTML validation problems:
GenerateRandomWalk.html:58:1 (GenerateRandomWalk.Rd:16): Warning: missing </ul> before </div>
LH2OM.html:127:1 (LH2OM.Rd:81): Warning: <h4> anchor "filterMK" already defined
MSEextra.html:46:1 (MSEextra.Rd:10): Warning: missing </ul> before </div>
Range.html:54:1 (Range.Rd:14): Warning: missing </ul> before </div>
calcMean.html:46:1 (calcMean.Rd:10): Warning: missing </ul> before </div>
calcProb.html:46:1 (calcProb.Rd:10): Warning: missing </ul> before </div>
dnormal.html:58:1 (dnormal.Rd:16): Warning: missing </ul> before </div>
getEffhist.html:62:1 (getEffhist.Rd:18): Warning: missing </ul> before </div>
getsel.html:62:1 (getsel.Rd:18): Warning: missing </ul> before </div>
hist2.html:66:1 (hist2.Rd:20): Warning: missing </ul> before </div>
plot.Data.html:86:1 (plot.Data.Rd:35): Warning: missing </ul> before </div>
plot.MSE.html:51:1 (plot.MSE.Rd:12): Warning: missing </ul> before </div>
show-MSE.html:47:1 (show-MSE.Rd:10): Warning: missing </ul> before </div>
show-MSEtool.html:63:1 (show-MSEtool.Rd:28): Warning: missing </ul> before </div>
show-Rec.html:47:1 (show-Rec.Rd:10): Warning: missing </ul> before </div>
summary-Data.html:81:1 (summary-Data.Rd:32): Warning: missing </ul> before </div>
summary-MMSE.html:59:1 (summary-MMSE.Rd:16): Warning: missing </ul> before </div>
summary-MSE.html:59:1 (summary-MSE.Rd:16): Warning: missing </ul> before </div>
Flavor: r-devel-linux-x86_64-debian-gcc
Version: 3.7.5
Check: installed package size
Result: NOTE
installed size is 12.4Mb
sub-directories of 1Mb or more:
R 3.1Mb
data 4.5Mb
libs 4.0Mb
Flavors: r-oldrel-macos-arm64, r-oldrel-macos-x86_64, r-oldrel-windows-x86_64