Last updated on 2025-10-21 09:48:37 CEST.
Flavor | Version | Tinstall | Tcheck | Ttotal | Status | Flags |
---|---|---|---|---|---|---|
r-devel-linux-x86_64-debian-clang | 1.6.2 | 108.95 | 345.19 | 454.14 | OK | |
r-devel-linux-x86_64-debian-gcc | 1.6.2 | 78.74 | 205.92 | 284.66 | NOTE | |
r-devel-linux-x86_64-fedora-clang | 1.6.2 | 758.57 | OK | |||
r-devel-linux-x86_64-fedora-gcc | 1.6.2 | 831.34 | OK | |||
r-devel-windows-x86_64 | 1.6.2 | 114.00 | 334.00 | 448.00 | OK | |
r-patched-linux-x86_64 | 1.6.2 | 111.50 | 326.55 | 438.05 | OK | |
r-release-linux-x86_64 | 1.6.2 | 112.46 | 322.92 | 435.38 | OK | |
r-release-macos-arm64 | 1.6.2 | 164.00 | OK | |||
r-release-macos-x86_64 | 1.6.2 | 465.00 | OK | |||
r-release-windows-x86_64 | 1.6.2 | 113.00 | 344.00 | 457.00 | OK | |
r-oldrel-macos-arm64 | 1.6.2 | 172.00 | OK | |||
r-oldrel-macos-x86_64 | 1.6.2 | 483.00 | OK | |||
r-oldrel-windows-x86_64 | 1.6.2 | 154.00 | 453.00 | 607.00 | OK |
Version: 1.6.2
Check: HTML version of manual
Result: NOTE
Found the following HTML validation problems:
MGDrivE-Model.html:360:1 (MGDrivE-Model.Rd:254): Warning: <h4> anchor "Migration" already defined
calcAquaticStageSurvivalProbability.html:53:1 (calcAquaticStageSurvivalProbability.Rd:12): Warning: missing </ul> before </div>
calcAverageGenerationTime.html:52:1 (calcAverageGenerationTime.Rd:12): Warning: missing </ul> before </div>
calcDensityDependentDeathRate.html:71:1 (calcDensityDependentDeathRate.Rd:24): Warning: missing </ul> before </div>
calcLarvalDist.html:54:1 (calcLarvalDist.Rd:12): Warning: missing </ul> before </div>
calcLarvalPopEquilibrium.html:50:1 (calcLarvalPopEquilibrium.Rd:12): Warning: missing </ul> before </div>
calcLarvalStageMortalityRate.html:66:1 (calcLarvalStageMortalityRate.Rd:21): Warning: missing </ul> before </div>
calcPopulationGrowthRate.html:53:1 (calcPopulationGrowthRate.Rd:12): Warning: missing </ul> before </div>
cubeConfinableHomingJOHN.html:98:1 (cubeConfinableHomingJOHN.Rd:42): Warning: missing </ul> before </div>
cubeModifiers.html:78:1 (cubeModifiers.Rd:30): Warning: missing </ul> before </div>
get_alpha_Network.html:46:1 (get_alpha_Network.Rd:10): Warning: missing </ul> before </div>
get_drivecubeindex_Network.html:54:1 (get_drivecubeindex_Network.Rd:14): Warning: missing </ul> before </div>
get_eta_Network.html:46:1 (get_eta_Network.Rd:10): Warning: missing </ul> before </div>
get_patchReleases_Network.html:50:1 (get_patchReleases_Network.Rd:12): Warning: missing </ul> before </div>
get_tau_Network.html:54:1 (get_tau_Network.Rd:14): Warning: missing </ul> before </div>
get_timeAq_Network.html:46:1 (get_timeAq_Network.Rd:10): Warning: missing </ul> before </div>
ggColUtility.html:50:1 (ggColUtility.Rd:12): Warning: missing </ul> before </div>
multRun_Network.html:46:1 (multRun_Network.Rd:10): Warning: missing </ul> before </div>
normalise.html:46:1 (normalise.Rd:10): Warning: missing </ul> before </div>
oneDay_migrationIn_Patch.html:50:1 (oneDay_migrationIn_Patch.Rd:12): Warning: missing </ul> before </div>
oneRun_Network.html:46:1 (oneRun_Network.Rd:10): Warning: missing </ul> before </div>
rDirichlet.html:47:1 (rDirichlet.Rd:10): Warning: missing </ul> before </div>
reset_Network.html:48:1 (reset_Network.Rd:10): Warning: missing </ul> before </div>
reset_Patch.html:47:1 (reset_Patch.Rd:10): Warning: missing </ul> before </div>
set_NetworkPointer_Patch.html:46:1 (set_NetworkPointer_Patch.Rd:10): Warning: missing </ul> before </div>
set_initialPopulation_Patch.html:88:1 (set_initialPopulation_Patch.Rd:33): Warning: missing </ul> before </div>
set_population_deterministic_Patch.html:84:1 (set_population_deterministic_Patch.Rd:33): Warning: missing </ul> before </div>
set_population_stochastic_Patch.html:84:1 (set_population_stochastic_Patch.Rd:33): Warning: missing </ul> before </div>
Flavor: r-devel-linux-x86_64-debian-gcc