Last updated on 2025-10-21 09:48:37 CEST.
Flavor | Version | Tinstall | Tcheck | Ttotal | Status | Flags |
---|---|---|---|---|---|---|
r-devel-linux-x86_64-debian-clang | 3.0.3 | 11.89 | 54.72 | 66.61 | OK | |
r-devel-linux-x86_64-debian-gcc | 3.0.3 | 7.69 | 37.45 | 45.14 | NOTE | |
r-devel-linux-x86_64-fedora-clang | 3.0.3 | 102.55 | OK | |||
r-devel-linux-x86_64-fedora-gcc | 3.0.3 | 97.08 | OK | |||
r-devel-windows-x86_64 | 3.0.3 | 15.00 | 66.00 | 81.00 | OK | |
r-patched-linux-x86_64 | 3.0.3 | 10.96 | 52.14 | 63.10 | OK | |
r-release-linux-x86_64 | 3.0.3 | 10.49 | 52.26 | 62.75 | OK | |
r-release-macos-arm64 | 3.0.3 | 31.00 | OK | |||
r-release-macos-x86_64 | 3.0.3 | 51.00 | OK | |||
r-release-windows-x86_64 | 3.0.3 | 14.00 | 68.00 | 82.00 | OK | |
r-oldrel-macos-arm64 | 3.0.3 | 33.00 | OK | |||
r-oldrel-macos-x86_64 | 3.0.3 | 66.00 | OK | |||
r-oldrel-windows-x86_64 | 3.0.3 | 18.00 | 83.00 | 101.00 | OK | > |
Version: 3.0.3
Check: HTML version of manual
Result: NOTE
Found the following HTML validation problems:
dot-onAttach.html:46:1 (dot-onAttach.Rd:10): Warning: missing </ul> before </div>
Flavor: r-devel-linux-x86_64-debian-gcc