Last updated on 2025-10-21 09:48:37 CEST.
Flavor | Version | Tinstall | Tcheck | Ttotal | Status | Flags |
---|---|---|---|---|---|---|
r-devel-linux-x86_64-debian-clang | 1.1.3 | 20.29 | 199.97 | 220.26 | OK | |
r-devel-linux-x86_64-debian-gcc | 1.1.3 | 15.65 | 138.94 | 154.59 | NOTE | |
r-devel-linux-x86_64-fedora-clang | 1.1.3 | 345.05 | OK | |||
r-devel-linux-x86_64-fedora-gcc | 1.1.3 | 331.47 | OK | |||
r-devel-windows-x86_64 | 1.1.3 | 21.00 | 164.00 | 185.00 | OK | |
r-patched-linux-x86_64 | 1.1.3 | 18.86 | 186.74 | 205.60 | OK | |
r-release-linux-x86_64 | 1.1.3 | 16.66 | 185.84 | 202.50 | OK | |
r-release-macos-arm64 | 1.1.3 | 85.00 | OK | |||
r-release-macos-x86_64 | 1.1.3 | 189.00 | OK | |||
r-release-windows-x86_64 | 1.1.3 | 22.00 | 164.00 | 186.00 | OK | |
r-oldrel-macos-arm64 | 1.1.3 | 79.00 | OK | |||
r-oldrel-macos-x86_64 | 1.1.3 | 103.00 | OK | |||
r-oldrel-windows-x86_64 | 1.1.3 | 28.00 | 215.00 | 243.00 | OK |
Version: 1.1.3
Check: HTML version of manual
Result: NOTE
Found the following HTML validation problems:
ConModelTest_cont.html:64:1 (ConModelTest_cont.Rd:19): Warning: missing </ul> before </div>
ConModelTest_disc.html:64:1 (ConModelTest_disc.Rd:19): Warning: missing </ul> before </div>
NuModelTest_cont.html:60:1 (NuModelTest_cont.Rd:17): Warning: missing </ul> before </div>
NuModelTest_disc.html:60:1 (NuModelTest_disc.Rd:17): Warning: missing </ul> before </div>
cliff_cal.html:60:1 (cliff_cal.Rd:17): Warning: missing </ul> before </div>
correlation_posthoc.html:62:1 (correlation_posthoc.Rd:18): Warning: missing </ul> before </div>
data_preprocess.html:62:1 (data_preprocess.Rd:18): Warning: missing </ul> before </div>
factor_p_cal.html:70:1 (factor_p_cal.Rd:22): Warning: missing </ul> before </div>
final_result_summarize_cont.html:133:1 (final_result_summarize_cont.Rd:63): Warning: missing </ul> before </div>
final_result_summarize_disc.html:148:1 (final_result_summarize_disc.Rd:72): Warning: missing </ul> before </div>
fix_name_fun.html:47:1 (fix_name_fun.Rd:11): Warning: missing </ul> before </div>
random_neg_ctrl_cont.html:100:1 (random_neg_ctrl_cont.Rd:37): Warning: missing </ul> before </div>
random_neg_ctrl_disc.html:104:1 (random_neg_ctrl_disc.Rd:39): Warning: missing </ul> before </div>
rm_sparse_cont.html:82:1 (rm_sparse_cont.Rd:28): Warning: missing </ul> before </div>
rm_sparse_disc.html:82:1 (rm_sparse_disc.Rd:28): Warning: missing </ul> before </div>
unlist_table.html:56:1 (unlist_table.Rd:15): Warning: missing </ul> before </div>
wilcox_posthoc.html:83:1 (wilcox_posthoc.Rd:33): Warning: missing </ul> before </div>
Flavor: r-devel-linux-x86_64-debian-gcc