CRAN Package Check Results for Package LinearRegressionMDE

Last updated on 2025-02-21 09:50:48 CET.

Flavor Version Tinstall Tcheck Ttotal Status Flags
r-devel-linux-x86_64-debian-clang 1.0 1.39 18.61 20.00 OK
r-devel-linux-x86_64-debian-gcc 1.0 1.29 14.95 16.24 OK
r-devel-linux-x86_64-fedora-clang 1.0 33.88 OK
r-devel-linux-x86_64-fedora-gcc 1.0 31.27 OK
r-devel-macos-arm64 1.0 15.00 OK
r-devel-macos-x86_64 1.0 22.00 OK
r-devel-windows-x86_64 1.0 3.00 37.00 40.00 OK
r-patched-linux-x86_64 1.0 1.52 17.99 19.51 NOTE
r-release-linux-x86_64 1.0 1.38 17.78 19.16 NOTE
r-release-macos-arm64 1.0 13.00 NOTE
r-release-macos-x86_64 1.0 21.00 NOTE
r-release-windows-x86_64 1.0 3.00 36.00 39.00 NOTE
r-oldrel-macos-arm64 1.0 14.00 NOTE
r-oldrel-macos-x86_64 1.0 20.00 NOTE
r-oldrel-windows-x86_64 1.0 2.00 36.00 38.00 NOTE

Check Details

Version: 1.0
Check: LazyData
Result: NOTE 'LazyData' is specified without a 'data' directory Flavors: r-patched-linux-x86_64, r-release-linux-x86_64, r-release-macos-arm64, r-release-macos-x86_64, r-release-windows-x86_64, r-oldrel-macos-arm64, r-oldrel-macos-x86_64, r-oldrel-windows-x86_64