Last updated on 2025-10-21 09:48:36 CEST.
Flavor | Version | Tinstall | Tcheck | Ttotal | Status | Flags |
---|---|---|---|---|---|---|
r-devel-linux-x86_64-debian-clang | 0.8.6 | 52.39 | 42.05 | 94.44 | OK | |
r-devel-linux-x86_64-debian-gcc | 0.8.6 | 34.49 | 33.00 | 67.49 | NOTE | |
r-devel-linux-x86_64-fedora-clang | 0.8.6 | 182.86 | OK | |||
r-devel-linux-x86_64-fedora-gcc | 0.8.6 | 169.88 | OK | |||
r-devel-windows-x86_64 | 0.8.6 | 58.00 | 88.00 | 146.00 | OK | |
r-patched-linux-x86_64 | 0.8.6 | 50.69 | 40.26 | 90.95 | OK | |
r-release-linux-x86_64 | 0.8.6 | 50.24 | 40.65 | 90.89 | OK | |
r-release-macos-arm64 | 0.8.6 | 67.00 | OK | |||
r-release-macos-x86_64 | 0.8.6 | 79.00 | OK | |||
r-release-windows-x86_64 | 0.8.6 | 59.00 | 95.00 | 154.00 | OK | |
r-oldrel-macos-arm64 | 0.8.6 | 50.00 | OK | |||
r-oldrel-macos-x86_64 | 0.8.6 | 118.00 | OK | |||
r-oldrel-windows-x86_64 | 0.8.6 | 64.00 | 106.00 | 170.00 | OK |
Version: 0.8.6
Check: HTML version of manual
Result: NOTE
Found the following HTML validation problems:
begin.html:56:1 (begin.Rd:16): Warning: missing </ul> before </div>
close.html:51:1 (close.Rd:12): Warning: missing </ul> before </div>
current_line.html:53:1 (current_line.Rd:17): Warning: missing </ul> before </div>
goto.html:61:1 (goto.Rd:18): Warning: missing </ul> before </div>
indexing.html:67:1 (indexing.Rd:23): Warning: missing </ul> before </div>
levels.html:60:1 (levels.Rd:21): Warning: missing </ul> before </div>
names.html:54:1 (names.Rd:15): Warning: missing </ul> before </div>
ncol.html:47:1 (ncol.Rd:10): Warning: missing </ul> before </div>
next_block.html:71:1 (next_block.Rd:29): Warning: missing </ul> before </div>
nrow.html:47:1 (nrow.Rd:10): Warning: missing </ul> before </div>
show.html:52:1 (show.Rd:13): Warning: missing </ul> before </div>
stats.html:106:1 (stats.Rd:65): Warning: missing </ul> before </div>
Flavor: r-devel-linux-x86_64-debian-gcc